CRAN Package Check Results for Package permGPU

Last updated on 2021-03-08 13:46:54 CET.

Flavor Version Tinstall Tcheck Ttotal Status Flags
r-devel-linux-x86_64-debian-clang 0.15 10.12 72.94 83.06 OK --no-examples --no-tests --no-vignettes
r-devel-linux-x86_64-debian-gcc 0.15 7.56 56.03 63.59 OK --no-examples --no-tests --no-vignettes
r-devel-windows-x86_64-gcc10-UCRT 0.15 OK
r-patched-linux-x86_64 0.15 9.15 67.17 76.32 OK --no-examples --no-tests --no-vignettes
r-release-linux-x86_64 0.15 9.25 66.88 76.13 OK --no-examples --no-tests --no-vignettes
r-release-macos-x86_64 0.15 ERROR
r-oldrel-macos-x86_64 0.15 ERROR

Check Details

Version: 0.15
Check: whether package can be installed
Result: ERROR
    Installation failed.
Flavors: r-release-macos-x86_64, r-oldrel-macos-x86_64