Last updated on 2022-08-11 10:52:03 CEST.
Flavor | Version | Tinstall | Tcheck | Ttotal | Status | Flags |
---|---|---|---|---|---|---|
r-devel-linux-x86_64-debian-clang | 0.2.5 | 7.87 | 87.21 | 95.08 | NOTE | |
r-devel-linux-x86_64-debian-gcc | 0.2.5 | 8.21 | 67.10 | 75.31 | NOTE | |
r-devel-linux-x86_64-fedora-clang | 0.2.5 | 124.54 | NOTE | |||
r-devel-linux-x86_64-fedora-gcc | 0.2.5 | 125.43 | NOTE | |||
r-devel-windows-x86_64 | 0.2.5 | 20.00 | 109.00 | 129.00 | NOTE | |
r-patched-linux-x86_64 | 0.2.5 | 8.16 | 84.39 | 92.55 | NOTE | |
r-release-linux-x86_64 | 0.2.5 | NOTE | ||||
r-release-macos-arm64 | 0.2.5 | 36.00 | NOTE | |||
r-release-macos-x86_64 | 0.2.5 | 65.00 | NOTE | |||
r-release-windows-x86_64 | 0.2.5 | 17.00 | 111.00 | 128.00 | NOTE | |
r-oldrel-macos-arm64 | 0.2.5 | 40.00 | NOTE | |||
r-oldrel-macos-x86_64 | 0.2.5 | 66.00 | NOTE | |||
r-oldrel-windows-ix86+x86_64 | 0.2.5 | 20.00 | 107.00 | 127.00 | NOTE |
Version: 0.2.5
Check: LazyData
Result: NOTE
'LazyData' is specified without a 'data' directory
Flavors: r-devel-linux-x86_64-debian-clang, r-devel-linux-x86_64-debian-gcc, r-devel-linux-x86_64-fedora-clang, r-devel-linux-x86_64-fedora-gcc, r-devel-windows-x86_64, r-patched-linux-x86_64, r-release-linux-x86_64, r-release-macos-arm64, r-release-macos-x86_64, r-release-windows-x86_64, r-oldrel-macos-arm64, r-oldrel-macos-x86_64, r-oldrel-windows-ix86+x86_64