CRAN Package Check Results for Package permGS

Last updated on 2019-03-19 06:48:11 CET.

Flavor Version Tinstall Tcheck Ttotal Status Flags
r-devel-linux-x86_64-debian-clang 0.2.5 8.27 71.67 79.94 WARN
r-devel-linux-x86_64-debian-gcc 0.2.5 6.03 54.15 60.18 OK
r-devel-linux-x86_64-fedora-clang 0.2.5 92.91 OK
r-devel-linux-x86_64-fedora-gcc 0.2.5 91.10 OK
r-devel-windows-ix86+x86_64 0.2.5 20.00 76.00 96.00 OK
r-patched-linux-x86_64 0.2.5 4.78 66.64 71.42 OK
r-patched-solaris-x86 0.2.5 130.50 OK
r-release-linux-x86_64 0.2.5 4.13 66.81 70.94 OK
r-release-windows-ix86+x86_64 0.2.5 9.00 108.00 117.00 OK
r-release-osx-x86_64 0.2.5 OK
r-oldrel-windows-ix86+x86_64 0.2.5 15.00 104.00 119.00 OK
r-oldrel-osx-x86_64 0.2.5 OK

Check Details

Version: 0.2.5
Check: whether package can be installed
Result: WARN
    Found the following significant warnings:
     Warning: unable to re-encode 'permGS.R' line 19
Flavor: r-devel-linux-x86_64-debian-clang