Last updated on 2023-03-28 07:53:10 CEST.
Flavor | Version | Tinstall | Tcheck | Ttotal | Status | Flags |
---|---|---|---|---|---|---|
r-devel-linux-x86_64-debian-clang | 0.2.5 | 9.38 | 91.46 | 100.84 | NOTE | |
r-devel-linux-x86_64-debian-gcc | 0.2.5 | 7.52 | 68.56 | 76.08 | NOTE | |
r-devel-linux-x86_64-fedora-clang | 0.2.5 | 124.24 | NOTE | |||
r-devel-linux-x86_64-fedora-gcc | 0.2.5 | 121.69 | NOTE | |||
r-patched-linux-x86_64 | 0.2.5 | 9.60 | 87.59 | 97.19 | NOTE | |
r-release-linux-x86_64 | 0.2.5 | 9.09 | 87.46 | 96.55 | NOTE | |
r-release-macos-arm64 | 0.2.5 | 36.00 | NOTE | |||
r-release-macos-x86_64 | 0.2.5 | 65.00 | NOTE | |||
r-release-windows-x86_64 | 0.2.5 | 20.00 | 116.00 | 136.00 | NOTE | |
r-oldrel-macos-arm64 | 0.2.5 | 40.00 | NOTE | |||
r-oldrel-macos-x86_64 | 0.2.5 | 66.00 | NOTE | |||
r-oldrel-windows-ix86+x86_64 | 0.2.5 | 21.00 | 113.00 | 134.00 | NOTE |
Version: 0.2.5
Check: LazyData
Result: NOTE
'LazyData' is specified without a 'data' directory
Flavors: r-devel-linux-x86_64-debian-clang, r-devel-linux-x86_64-debian-gcc, r-devel-linux-x86_64-fedora-clang, r-devel-linux-x86_64-fedora-gcc, r-patched-linux-x86_64, r-release-linux-x86_64, r-release-macos-arm64, r-release-macos-x86_64, r-release-windows-x86_64, r-oldrel-macos-arm64, r-oldrel-macos-x86_64, r-oldrel-windows-ix86+x86_64