CRAN Package Check Results for Package personograph

Last updated on 2021-04-18 18:47:38 CEST.

Flavor Version Tinstall Tcheck Ttotal Status Flags
r-devel-linux-x86_64-debian-clang 0.1.3 3.10 36.43 39.53 NOTE
r-devel-linux-x86_64-debian-gcc 0.1.3 2.84 28.81 31.65 NOTE
r-devel-linux-x86_64-fedora-clang 0.1.3 61.15 NOTE
r-devel-linux-x86_64-fedora-gcc 0.1.3 51.24 NOTE
r-devel-windows-ix86+x86_64 0.1.3 9.00 44.00 53.00 NOTE
r-devel-windows-x86_64-gcc10-UCRT 0.1.3 NOTE
r-patched-linux-x86_64 0.1.3 3.03 35.04 38.07 OK
r-patched-solaris-x86 0.1.3 72.80 OK
r-release-linux-x86_64 0.1.3 3.19 34.68 37.87 OK
r-release-macos-x86_64 0.1.3 OK
r-release-windows-ix86+x86_64 0.1.3 6.00 54.00 60.00 OK
r-oldrel-macos-x86_64 0.1.3 OK
r-oldrel-windows-ix86+x86_64 0.1.3 5.00 50.00 55.00 OK

Check Details

Version: 0.1.3
Check: LazyData
Result: NOTE
     'LazyData' is specified without a 'data' directory
Flavors: r-devel-linux-x86_64-debian-clang, r-devel-linux-x86_64-debian-gcc, r-devel-linux-x86_64-fedora-clang, r-devel-linux-x86_64-fedora-gcc, r-devel-windows-ix86+x86_64, r-devel-windows-x86_64-gcc10-UCRT