CRAN Package Check Results for Package personr

Last updated on 2023-02-08 04:07:11 CET.

Flavor Version Tinstall Tcheck Ttotal Status Flags
r-devel-linux-x86_64-debian-clang 1.0.0 3.30 25.82 29.12 NOTE
r-devel-linux-x86_64-debian-gcc 1.0.0 2.01 19.94 21.95 NOTE
r-devel-linux-x86_64-fedora-clang 1.0.0 38.83 NOTE
r-devel-linux-x86_64-fedora-gcc 1.0.0 35.41 NOTE
r-devel-windows-x86_64 1.0.0 13.00 53.00 66.00 NOTE
r-patched-linux-x86_64 1.0.0 2.61 25.57 28.18 NOTE
r-release-linux-x86_64 1.0.0 2.87 25.63 28.50 NOTE
r-release-macos-arm64 1.0.0 17.00 NOTE
r-release-macos-x86_64 1.0.0 27.00 NOTE
r-release-windows-x86_64 1.0.0 12.00 57.00 69.00 NOTE
r-oldrel-macos-arm64 1.0.0 18.00 NOTE
r-oldrel-macos-x86_64 1.0.0 26.00 NOTE
r-oldrel-windows-ix86+x86_64 1.0.0 8.00 50.00 58.00 NOTE

Check Details

Version: 1.0.0
Check: LazyData
Result: NOTE
     'LazyData' is specified without a 'data' directory
Flavors: r-devel-linux-x86_64-debian-clang, r-devel-linux-x86_64-debian-gcc, r-devel-linux-x86_64-fedora-clang, r-devel-linux-x86_64-fedora-gcc, r-devel-windows-x86_64, r-patched-linux-x86_64, r-release-linux-x86_64, r-release-macos-arm64, r-release-macos-x86_64, r-release-windows-x86_64, r-oldrel-macos-arm64, r-oldrel-macos-x86_64, r-oldrel-windows-ix86+x86_64