CRAN Package Check Results for Package peruse

Last updated on 2022-08-09 00:52:29 CEST.

Flavor Version Tinstall Tcheck Ttotal Status Flags
r-devel-linux-x86_64-debian-clang 0.3.1 2.89 32.41 35.30 NOTE
r-devel-linux-x86_64-debian-gcc 0.3.1 2.28 25.04 27.32 NOTE
r-devel-linux-x86_64-fedora-clang 0.3.1 52.24 NOTE
r-devel-linux-x86_64-fedora-gcc 0.3.1 51.07 NOTE
r-devel-windows-x86_64 0.3.1 14.00 57.00 71.00 NOTE
r-patched-linux-x86_64 0.3.1 2.48 30.88 33.36 NOTE
r-release-linux-x86_64 0.3.1 NOTE
r-release-macos-arm64 0.3.1 19.00 NOTE
r-release-macos-x86_64 0.3.1 24.00 NOTE
r-release-windows-x86_64 0.3.1 10.00 58.00 68.00 NOTE
r-oldrel-macos-arm64 0.3.1 19.00 NOTE
r-oldrel-macos-x86_64 0.3.1 29.00 NOTE
r-oldrel-windows-ix86+x86_64 0.3.1 7.00 54.00 61.00 NOTE

Check Details

Version: 0.3.1
Check: LazyData
Result: NOTE
     'LazyData' is specified without a 'data' directory
Flavors: r-devel-linux-x86_64-debian-clang, r-devel-linux-x86_64-debian-gcc, r-devel-linux-x86_64-fedora-clang, r-devel-linux-x86_64-fedora-gcc, r-devel-windows-x86_64, r-patched-linux-x86_64, r-release-linux-x86_64, r-release-macos-arm64, r-release-macos-x86_64, r-release-windows-x86_64, r-oldrel-macos-arm64, r-oldrel-macos-x86_64, r-oldrel-windows-ix86+x86_64