CRAN Package Check Results for Package peruse

Last updated on 2021-11-29 14:48:59 CET.

Flavor Version Tinstall Tcheck Ttotal Status Flags
r-devel-linux-x86_64-debian-clang 0.3.1 2.25 25.90 28.15 NOTE
r-devel-linux-x86_64-debian-gcc 0.3.1 1.74 20.59 22.33 NOTE
r-devel-linux-x86_64-fedora-clang 0.3.1 46.20 NOTE
r-devel-linux-x86_64-fedora-gcc 0.3.1 34.94 NOTE
r-devel-windows-x86_64-new-UL 0.3.1 7.00 60.00 67.00 NOTE
r-devel-windows-x86_64-new-TK 0.3.1 NOTE
r-devel-windows-x86_64-old 0.3.1 5.00 34.00 39.00 NOTE
r-patched-linux-x86_64 0.3.1 2.45 25.41 27.86 NOTE
r-patched-solaris-x86 0.3.1 55.40 NOTE
r-release-linux-x86_64 0.3.1 2.13 25.45 27.58 NOTE
r-release-macos-arm64 0.3.1 NOTE
r-release-macos-x86_64 0.3.1 NOTE
r-release-windows-ix86+x86_64 0.3.1 5.00 33.00 38.00 NOTE
r-oldrel-macos-x86_64 0.3.1 OK
r-oldrel-windows-ix86+x86_64 0.3.1 4.00 44.00 48.00 OK

Check Details

Version: 0.3.1
Check: LazyData
Result: NOTE
     'LazyData' is specified without a 'data' directory
Flavors: r-devel-linux-x86_64-debian-clang, r-devel-linux-x86_64-debian-gcc, r-devel-linux-x86_64-fedora-clang, r-devel-linux-x86_64-fedora-gcc, r-devel-windows-x86_64-new-UL, r-devel-windows-x86_64-new-TK, r-devel-windows-x86_64-old, r-patched-linux-x86_64, r-patched-solaris-x86, r-release-linux-x86_64, r-release-macos-arm64, r-release-macos-x86_64, r-release-windows-ix86+x86_64