CRAN Package Check Results for Package pgraph

Last updated on 2023-02-06 23:55:53 CET.

Flavor Version Tinstall Tcheck Ttotal Status Flags
r-devel-linux-x86_64-debian-clang 1.6 9.73 75.70 85.43 NOTE
r-devel-linux-x86_64-debian-gcc 1.6 7.16 56.65 63.81 NOTE
r-devel-linux-x86_64-fedora-clang 1.6 107.39 NOTE
r-devel-linux-x86_64-fedora-gcc 1.6 101.61 NOTE
r-devel-windows-x86_64 1.6 14.00 102.00 116.00 NOTE
r-patched-linux-x86_64 1.6 6.55 74.67 81.22 NOTE
r-release-linux-x86_64 1.6 7.91 74.70 82.61 NOTE
r-release-macos-arm64 1.6 33.00 NOTE
r-release-macos-x86_64 1.6 45.00 NOTE
r-release-windows-x86_64 1.6 14.00 103.00 117.00 NOTE
r-oldrel-macos-arm64 1.6 37.00 NOTE
r-oldrel-macos-x86_64 1.6 55.00 NOTE
r-oldrel-windows-ix86+x86_64 1.6 18.00 105.00 123.00 NOTE

Check Details

Version: 1.6
Check: LazyData
Result: NOTE
     'LazyData' is specified without a 'data' directory
Flavors: r-devel-linux-x86_64-debian-clang, r-devel-linux-x86_64-debian-gcc, r-devel-linux-x86_64-fedora-clang, r-devel-linux-x86_64-fedora-gcc, r-devel-windows-x86_64, r-patched-linux-x86_64, r-release-linux-x86_64, r-release-macos-arm64, r-release-macos-x86_64, r-release-windows-x86_64, r-oldrel-macos-arm64, r-oldrel-macos-x86_64, r-oldrel-windows-ix86+x86_64