CRAN Package Check Results for Package pgsc

Last updated on 2019-03-23 19:50:43 CET.

Flavor Version Tinstall Tcheck Ttotal Status Flags
r-devel-linux-x86_64-debian-clang 1.0.0 25.78 119.51 145.29 OK
r-devel-linux-x86_64-debian-gcc 1.0.0 22.86 93.32 116.18 OK
r-devel-linux-x86_64-fedora-clang 1.0.0 184.21 OK
r-devel-linux-x86_64-fedora-gcc 1.0.0 182.98 OK
r-devel-windows-ix86+x86_64 1.0.0 78.00 205.00 283.00 OK
r-patched-linux-x86_64 1.0.0 28.06 124.31 152.37 OK
r-patched-solaris-x86 1.0.0 583.50 OK
r-release-linux-x86_64 1.0.0 0.29 2.13 2.42 ERROR
r-release-windows-ix86+x86_64 1.0.0 60.00 170.00 230.00 OK
r-release-osx-x86_64 1.0.0 OK
r-oldrel-windows-ix86+x86_64 1.0.0 77.00 209.00 286.00 OK
r-oldrel-osx-x86_64 1.0.0 OK

Check Details

Version: 1.0.0
Check: whether package can be installed
Result: ERROR
    Installation failed.
Flavor: r-release-linux-x86_64