CRAN Package Check Results for Package pguIMP

Last updated on 2021-12-06 18:52:38 CET.

Flavor Version Tinstall Tcheck Ttotal Status Flags
r-devel-linux-x86_64-debian-clang 0.0.0.3 48.36 237.65 286.01 OK
r-devel-linux-x86_64-debian-gcc 0.0.0.3 43.13 179.73 222.86 OK
r-devel-linux-x86_64-fedora-clang 0.0.0.3 347.07 NOTE
r-devel-linux-x86_64-fedora-gcc 0.0.0.3 345.65 NOTE
r-devel-windows-x86_64-new-UL 0.0.0.3 78.00 269.00 347.00 NOTE
r-devel-windows-x86_64-new-TK 0.0.0.3 NOTE
r-devel-windows-x86_64-old 0.0.0.3 96.00 181.00 277.00 NOTE
r-patched-linux-x86_64 0.0.0.3 50.27 218.92 269.19 OK
r-release-linux-x86_64 0.0.0.3 45.97 226.53 272.50 OK
r-release-macos-arm64 0.0.0.3 NOTE
r-release-macos-x86_64 0.0.0.3 NOTE
r-release-windows-ix86+x86_64 0.0.0.3 94.00 251.00 345.00 NOTE
r-oldrel-macos-x86_64 0.0.0.3 NOTE
r-oldrel-windows-ix86+x86_64 0.0.0.3 103.00 469.00 572.00 NOTE

Check Details

Version: 0.0.0.3
Check: package dependencies
Result: NOTE
    Imports includes 38 non-default packages.
    Importing from so many packages makes the package vulnerable to any of
    them becoming unavailable. Move as many as possible to Suggests and
    use conditionally.
Flavor: r-devel-linux-x86_64-fedora-clang

Version: 0.0.0.3
Check: installed package size
Result: NOTE
     installed size is 6.5Mb
     sub-directories of 1Mb or more:
     application 5.0Mb
Flavors: r-devel-linux-x86_64-fedora-clang, r-devel-windows-x86_64-new-UL, r-devel-windows-x86_64-old, r-release-macos-arm64, r-release-macos-x86_64, r-release-windows-ix86+x86_64, r-oldrel-macos-x86_64, r-oldrel-windows-ix86+x86_64

Version: 0.0.0.3
Check: dependencies in R code
Result: NOTE
    Namespaces in Imports field not imported from:
     ‘rJava’ ‘shinyWidgets’ ‘shinydashboard’ ‘shinyjs’
     All declared Imports should be used.
Flavors: r-devel-linux-x86_64-fedora-clang, r-devel-linux-x86_64-fedora-gcc, r-devel-windows-x86_64-new-TK, r-release-macos-arm64, r-release-macos-x86_64, r-oldrel-macos-x86_64