CRAN Package Check Results for Package ph2bye

Last updated on 2021-06-21 13:52:18 CEST.

Flavor Version Tinstall Tcheck Ttotal Status Flags
r-devel-linux-x86_64-debian-clang 0.1.4 19.80 47.54 67.34 NOTE
r-devel-linux-x86_64-debian-gcc 0.1.4 10.87 30.76 41.63 NOTE
r-devel-linux-x86_64-fedora-clang 0.1.4 91.55 NOTE
r-devel-linux-x86_64-fedora-gcc 0.1.4 67.63 NOTE
r-devel-windows-x86_64 0.1.4 24.00 60.00 84.00 NOTE
r-devel-windows-x86_64-gcc10-UCRT 0.1.4 ERROR
r-patched-linux-x86_64 0.1.4 13.65 37.02 50.67 NOTE
r-patched-solaris-x86 0.1.4 78.40 NOTE
r-release-linux-x86_64 0.1.4 13.51 37.49 51.00 NOTE
r-release-macos-arm64 0.1.4 NOTE
r-release-macos-x86_64 0.1.4 NOTE
r-release-windows-ix86+x86_64 0.1.4 43.00 90.00 133.00 NOTE
r-oldrel-macos-x86_64 0.1.4 OK
r-oldrel-windows-ix86+x86_64 0.1.4 34.00 0.00 34.00 OK

Check Details

Version: 0.1.4
Check: LazyData
Result: NOTE
     'LazyData' is specified without a 'data' directory
Flavors: r-devel-linux-x86_64-debian-clang, r-devel-linux-x86_64-debian-gcc, r-devel-linux-x86_64-fedora-clang, r-devel-linux-x86_64-fedora-gcc, r-devel-windows-x86_64, r-patched-linux-x86_64, r-patched-solaris-x86, r-release-linux-x86_64, r-release-macos-arm64, r-release-macos-x86_64, r-release-windows-ix86+x86_64

Version: 0.1.4
Check: for non-standard things in the check directory
Result: NOTE
    Found the following files/directories:
     'animation.gif'
Flavors: r-devel-linux-x86_64-debian-clang, r-devel-linux-x86_64-debian-gcc, r-devel-linux-x86_64-fedora-clang, r-devel-linux-x86_64-fedora-gcc, r-patched-linux-x86_64, r-patched-solaris-x86, r-release-linux-x86_64

Version: 0.1.4
Check: package dependencies
Result: NOTE
    Package suggested but not available for checking: ‘gsDesign’
Flavors: r-devel-linux-x86_64-debian-gcc, r-devel-linux-x86_64-fedora-clang, r-devel-linux-x86_64-fedora-gcc, r-patched-solaris-x86, r-release-linux-x86_64

Version: 0.1.4
Check: compiled code
Result: NOTE
    File ‘ph2bye/libs/ph2bye.so’:
     Found no calls to: ‘R_registerRoutines’, ‘R_useDynamicSymbols’
    
    It is good practice to register native routines and to disable symbol
    search.
    
    See ‘Writing portable packages’ in the ‘Writing R Extensions’ manual.
Flavors: r-devel-linux-x86_64-fedora-clang, r-devel-linux-x86_64-fedora-gcc

Version: 0.1.4
Check: package dependencies
Result: ERROR
    Package required but not available: 'animation'
    
    Package suggested but not available for checking: 'gsDesign'
    
    See section 'The DESCRIPTION file' in the 'Writing R Extensions'
    manual.
Flavor: r-devel-windows-x86_64-gcc10-UCRT