CRAN Package Check Results for Package ph2rand

Last updated on 2021-09-19 11:50:11 CEST.

Flavor Version Tinstall Tcheck Ttotal Status Flags
r-devel-linux-x86_64-debian-clang 0.1.0 86.69 210.40 297.09 OK
r-devel-linux-x86_64-debian-gcc 0.1.0 55.84 151.62 207.46 OK
r-devel-linux-x86_64-fedora-clang 0.1.0 375.95 NOTE
r-devel-linux-x86_64-fedora-gcc 0.1.0 340.27 OK
r-devel-windows-x86_64 0.1.0 65.00 262.00 327.00 NOTE
r-devel-windows-x86_64-gcc10-UCRT 0.1.0 ERROR
r-patched-linux-x86_64 0.1.0 66.30 196.94 263.24 OK
r-patched-solaris-x86 0.1.0 456.20 NOTE
r-release-linux-x86_64 0.1.0 61.83 197.88 259.71 OK
r-release-macos-arm64 0.1.0 NOTE
r-release-macos-x86_64 0.1.0 NOTE
r-release-windows-ix86+x86_64 0.1.0 160.00 234.00 394.00 NOTE
r-oldrel-macos-x86_64 0.1.0 NOTE
r-oldrel-windows-ix86+x86_64 0.1.0 164.00 237.00 401.00 NOTE

Check Details

Version: 0.1.0
Check: installed package size
Result: NOTE
     installed size is 12.5Mb
     sub-directories of 1Mb or more:
     doc 6.3Mb
     help 1.2Mb
     libs 4.8Mb
Flavors: r-devel-linux-x86_64-fedora-clang, r-devel-windows-x86_64, r-patched-solaris-x86, r-release-macos-arm64, r-release-macos-x86_64, r-release-windows-ix86+x86_64, r-oldrel-macos-x86_64, r-oldrel-windows-ix86+x86_64

Version: 0.1.0
Check: whether package can be installed
Result: ERROR
    Installation failed.
Flavor: r-devel-windows-x86_64-gcc10-UCRT