CRAN Package Check Results for Package phacking

Last updated on 2022-10-04 20:53:46 CEST.

Flavor Version Tinstall Tcheck Ttotal Status Flags
r-devel-linux-x86_64-debian-clang 0.0.1 123.20 134.77 257.97 NOTE
r-devel-linux-x86_64-debian-gcc 0.0.1 108.94 108.50 217.44 NOTE
r-devel-linux-x86_64-fedora-clang 0.0.1 338.05 NOTE
r-devel-linux-x86_64-fedora-gcc 0.0.1 374.65 NOTE
r-devel-windows-x86_64 0.0.1 100.00 196.00 296.00 NOTE
r-patched-linux-x86_64 0.0.1 117.88 145.36 263.24 NOTE
r-release-linux-x86_64 0.0.1 121.42 144.27 265.69 NOTE
r-release-macos-arm64 0.0.1 98.00 NOTE
r-release-macos-x86_64 0.0.1 130.00 NOTE
r-release-windows-x86_64 0.0.1 120.00 198.00 318.00 NOTE
r-oldrel-macos-arm64 0.0.1 93.00 NOTE
r-oldrel-macos-x86_64 0.0.1 135.00 NOTE
r-oldrel-windows-ix86+x86_64 0.0.1 297.00 327.00 624.00 NOTE

Additional issues

MKL

Check Details

Version: 0.0.1
Check: for GNU extensions in Makefiles
Result: NOTE
    GNU make is a SystemRequirements.
Flavors: r-devel-linux-x86_64-debian-clang, r-devel-linux-x86_64-debian-gcc, r-devel-linux-x86_64-fedora-clang, r-devel-linux-x86_64-fedora-gcc, r-devel-windows-x86_64, r-patched-linux-x86_64, r-release-linux-x86_64, r-release-macos-arm64, r-release-macos-x86_64, r-release-windows-x86_64, r-oldrel-macos-arm64, r-oldrel-macos-x86_64, r-oldrel-windows-ix86+x86_64

Version: 0.0.1
Check: dependencies in R code
Result: NOTE
    Namespaces in Imports field not imported from:
     ‘RcppParallel’ ‘rstantools’
     All declared Imports should be used.
Flavors: r-devel-linux-x86_64-fedora-clang, r-devel-linux-x86_64-fedora-gcc, r-release-macos-arm64, r-release-macos-x86_64, r-oldrel-macos-arm64, r-oldrel-macos-x86_64

Version: 0.0.1
Check: installed package size
Result: NOTE
     installed size is 33.3Mb
     sub-directories of 1Mb or more:
     libs 33.1Mb
Flavors: r-release-macos-arm64, r-release-macos-x86_64, r-oldrel-macos-arm64, r-oldrel-macos-x86_64