Last updated on 2023-09-29 21:54:01 CEST.
Flavor | Version | Tinstall | Tcheck | Ttotal | Status | Flags |
---|---|---|---|---|---|---|
r-devel-linux-x86_64-debian-clang | 0.2.1 | 148.25 | 326.83 | 475.08 | NOTE | |
r-devel-linux-x86_64-debian-gcc | 0.2.1 | 133.40 | 304.01 | 437.41 | NOTE | |
r-devel-linux-x86_64-fedora-clang | 0.2.1 | 639.72 | NOTE | |||
r-devel-linux-x86_64-fedora-gcc | 0.2.1 | 779.40 | NOTE | |||
r-devel-windows-x86_64 | 0.2.1 | 131.00 | 313.00 | 444.00 | NOTE | |
r-patched-linux-x86_64 | 0.2.1 | 120.38 | 394.16 | 514.54 | NOTE | |
r-release-linux-x86_64 | 0.2.1 | 117.73 | 385.93 | 503.66 | NOTE | |
r-release-macos-arm64 | 0.2.1 | 111.00 | NOTE | |||
r-release-macos-x86_64 | 0.2.1 | 249.00 | NOTE | |||
r-release-windows-x86_64 | 0.2.1 | 176.00 | 369.00 | 545.00 | NOTE | |
r-oldrel-macos-arm64 | 0.2.1 | 110.00 | NOTE | |||
r-oldrel-macos-x86_64 | 0.2.1 | 171.00 | NOTE | |||
r-oldrel-windows-x86_64 | 0.2.1 | 156.00 | 378.00 | 534.00 | NOTE |
Version: 0.2.1
Check: for GNU extensions in Makefiles
Result: NOTE
GNU make is a SystemRequirements.
Flavors: r-devel-linux-x86_64-debian-clang, r-devel-linux-x86_64-debian-gcc, r-devel-linux-x86_64-fedora-clang, r-devel-linux-x86_64-fedora-gcc, r-devel-windows-x86_64, r-patched-linux-x86_64, r-release-linux-x86_64, r-release-macos-arm64, r-release-macos-x86_64, r-release-windows-x86_64, r-oldrel-macos-arm64, r-oldrel-macos-x86_64, r-oldrel-windows-x86_64
Version: 0.2.1
Check: installed package size
Result: NOTE
installed size is 34.0Mb
sub-directories of 1Mb or more:
libs 33.7Mb
Flavors: r-release-macos-arm64, r-release-macos-x86_64, r-oldrel-macos-arm64, r-oldrel-macos-x86_64