CRAN Package Check Results for Package pharmr

Last updated on 2024-03-02 02:48:46 CET.

Flavor Version Tinstall Tcheck Ttotal Status Flags
r-devel-linux-x86_64-debian-clang 0.96.0 13.67 124.14 137.81 NOTE
r-devel-linux-x86_64-debian-gcc 0.96.0 11.19 92.26 103.45 NOTE
r-devel-linux-x86_64-fedora-clang 0.96.0 167.69 NOTE
r-devel-linux-x86_64-fedora-gcc 0.96.0 162.02 NOTE
r-devel-windows-x86_64 0.96.0 14.00 163.00 177.00 OK
r-patched-linux-x86_64 0.96.0 15.03 121.12 136.15 OK
r-release-linux-x86_64 0.96.0 9.10 119.67 128.77 OK
r-release-macos-arm64 0.96.0 51.00 OK
r-release-macos-x86_64 0.96.0 115.00 OK
r-release-windows-x86_64 0.96.0 19.00 196.00 215.00 OK
r-oldrel-macos-arm64 0.96.0 50.00 OK
r-oldrel-windows-x86_64 0.96.0 16.00 158.00 174.00 OK

Check Details

Version: 0.96.0
Check: Rd files
Result: NOTE checkRd: (-1) add_covariate_effect.Rd:44: Lost braces; missing escapes or markup? 44 | {coveff} = 1 + {theta} * ({cov} - {median}) | ^ checkRd: (-1) add_covariate_effect.Rd:44: Lost braces; missing escapes or markup? 44 | {coveff} = 1 + {theta} * ({cov} - {median}) | ^ checkRd: (-1) add_covariate_effect.Rd:44: Lost braces; missing escapes or markup? 44 | {coveff} = 1 + {theta} * ({cov} - {median}) | ^ checkRd: (-1) add_covariate_effect.Rd:44: Lost braces; missing escapes or markup? 44 | {coveff} = 1 + {theta} * ({cov} - {median}) | ^ checkRd: (-1) add_covariate_effect.Rd:60: Lost braces; missing escapes or markup? 60 | {coveff} = 1 | ^ checkRd: (-1) add_covariate_effect.Rd:67: Lost braces; missing escapes or markup? 67 | {coveff} = 1 + {theta} | ^ checkRd: (-1) add_covariate_effect.Rd:67: Lost braces; missing escapes or markup? 67 | {coveff} = 1 + {theta} | ^ checkRd: (-1) add_covariate_effect.Rd:79: Lost braces; missing escapes or markup? 79 | {coveff} = 1 + {theta1} * ({cov} - {median}) | ^ checkRd: (-1) add_covariate_effect.Rd:79: Lost braces; missing escapes or markup? 79 | {coveff} = 1 + {theta1} * ({cov} - {median}) | ^ checkRd: (-1) add_covariate_effect.Rd:79: Lost braces; missing escapes or markup? 79 | {coveff} = 1 + {theta1} * ({cov} - {median}) | ^ checkRd: (-1) add_covariate_effect.Rd:79: Lost braces; missing escapes or markup? 79 | {coveff} = 1 + {theta1} * ({cov} - {median}) | ^ checkRd: (-1) add_covariate_effect.Rd:86: Lost braces; missing escapes or markup? 86 | {coveff} = 1 + {theta2} * ({cov} - {median}) | ^ checkRd: (-1) add_covariate_effect.Rd:86: Lost braces; missing escapes or markup? 86 | {coveff} = 1 + {theta2} * ({cov} - {median}) | ^ checkRd: (-1) add_covariate_effect.Rd:86: Lost braces; missing escapes or markup? 86 | {coveff} = 1 + {theta2} * ({cov} - {median}) | ^ checkRd: (-1) add_covariate_effect.Rd:86: Lost braces; missing escapes or markup? 86 | {coveff} = 1 + {theta2} * ({cov} - {median}) | ^ checkRd: (-1) add_covariate_effect.Rd:101: Lost braces; missing escapes or markup? 101 | {coveff} = exp({theta} * ({cov} - {median})) | ^ checkRd: (-1) add_covariate_effect.Rd:101: Lost braces; missing escapes or markup? 101 | {coveff} = exp({theta} * ({cov} - {median})) | ^ checkRd: (-1) add_covariate_effect.Rd:101: Lost braces; missing escapes or markup? 101 | {coveff} = exp({theta} * ({cov} - {median})) | ^ checkRd: (-1) add_covariate_effect.Rd:101: Lost braces; missing escapes or markup? 101 | {coveff} = exp({theta} * ({cov} - {median})) | ^ checkRd: (-1) add_covariate_effect.Rd:114: Lost braces 114 | min(frac{log(0.01)}{{min} - {median}}, | ^ checkRd: (-1) add_covariate_effect.Rd:114: Lost braces 114 | min(frac{log(0.01)}{{min} - {median}}, | ^ checkRd: (-1) add_covariate_effect.Rd:114: Lost braces; missing escapes or markup? 114 | min(frac{log(0.01)}{{min} - {median}}, | ^ checkRd: (-1) add_covariate_effect.Rd:115: Lost braces 115 | frac{log(100)}{{max} - {median}}) | ^ checkRd: (-1) add_covariate_effect.Rd:115: Lost braces 115 | frac{log(100)}{{max} - {median}}) | ^ checkRd: (-1) add_covariate_effect.Rd:115: Lost braces; missing escapes or markup? 115 | frac{log(100)}{{max} - {median}}) | ^ checkRd: (-1) add_covariate_effect.Rd:124: Lost braces 124 | max(frac{log(0.01)}{{max} - {median}}, | ^ checkRd: (-1) add_covariate_effect.Rd:124: Lost braces 124 | max(frac{log(0.01)}{{max} - {median}}, | ^ checkRd: (-1) add_covariate_effect.Rd:124: Lost braces; missing escapes or markup? 124 | max(frac{log(0.01)}{{max} - {median}}, | ^ checkRd: (-1) add_covariate_effect.Rd:125: Lost braces 125 | frac{log(100)}{{min} - {median}}) | ^ checkRd: (-1) add_covariate_effect.Rd:125: Lost braces 125 | frac{log(100)}{{min} - {median}}) | ^ checkRd: (-1) add_covariate_effect.Rd:125: Lost braces; missing escapes or markup? 125 | frac{log(100)}{{min} - {median}}) | ^ checkRd: (-1) add_covariate_effect.Rd:133: Lost braces; missing escapes or markup? 133 | {coveff} = (frac{{cov}}{{median}})^{theta} | ^ checkRd: (-1) add_covariate_effect.Rd:133: Lost braces 133 | {coveff} = (frac{{cov}}{{median}})^{theta} | ^ checkRd: (-1) add_covariate_effect.Rd:133: Lost braces 133 | {coveff} = (frac{{cov}}{{median}})^{theta} | ^ checkRd: (-1) add_covariate_effect.Rd:133: Lost braces; missing escapes or markup? 133 | {coveff} = (frac{{cov}}{{median}})^{theta} | ^ Flavors: r-devel-linux-x86_64-debian-clang, r-devel-linux-x86_64-debian-gcc, r-devel-linux-x86_64-fedora-clang, r-devel-linux-x86_64-fedora-gcc