CRAN Package Check Results for Package phecodemap

Last updated on 2022-05-21 07:55:31 CEST.

Flavor Version Tinstall Tcheck Ttotal Status Flags
r-devel-linux-x86_64-debian-clang 0.1.0 9.16 96.40 105.56 OK
r-devel-linux-x86_64-debian-gcc 0.1.0 9.48 70.93 80.41 OK
r-devel-linux-x86_64-fedora-clang 0.1.0 123.97 NOTE
r-devel-linux-x86_64-fedora-gcc 0.1.0 121.03 NOTE
r-devel-windows-x86_64 0.1.0 35.00 117.00 152.00 OK
r-patched-linux-x86_64 0.1.0 9.70 90.25 99.95 OK
r-release-linux-x86_64 0.1.0 7.30 92.03 99.33 OK
r-release-macos-arm64 0.1.0 39.00 NOTE
r-release-macos-x86_64 0.1.0 60.00 NOTE
r-release-windows-x86_64 0.1.0 42.00 119.00 161.00 OK
r-oldrel-macos-arm64 0.1.0 40.00 NOTE
r-oldrel-macos-x86_64 0.1.0 51.00 NOTE
r-oldrel-windows-ix86+x86_64 0.1.0 25.00 112.00 137.00 OK

Check Details

Version: 0.1.0
Check: data for non-ASCII characters
Result: NOTE
     Note: found 114 marked UTF-8 strings
Flavors: r-devel-linux-x86_64-fedora-clang, r-devel-linux-x86_64-fedora-gcc, r-release-macos-arm64, r-release-macos-x86_64, r-oldrel-macos-arm64, r-oldrel-macos-x86_64