CRAN Package Check Results for Package phm

Last updated on 2021-04-17 15:48:24 CEST.

Flavor Version Tinstall Tcheck Ttotal Status Flags
r-devel-linux-x86_64-debian-clang 0.1.2 2.78 30.21 32.99 NOTE
r-devel-linux-x86_64-debian-gcc 0.1.2 2.21 22.97 25.18 NOTE
r-devel-linux-x86_64-fedora-clang 0.1.2 50.40 NOTE
r-devel-linux-x86_64-fedora-gcc 0.1.2 39.86 NOTE
r-devel-windows-ix86+x86_64 0.1.2 7.00 36.00 43.00 NOTE
r-devel-windows-x86_64-gcc10-UCRT 0.1.2 NOTE
r-patched-linux-x86_64 0.1.2 2.82 28.44 31.26 OK
r-patched-solaris-x86 0.1.2 60.30 OK
r-release-linux-x86_64 0.1.2 2.56 28.35 30.91 OK
r-release-macos-x86_64 0.1.2 OK
r-release-windows-ix86+x86_64 0.1.2 28.00 46.00 74.00 OK
r-oldrel-macos-x86_64 0.1.2 OK
r-oldrel-windows-ix86+x86_64 0.1.2 3.00 30.00 33.00 OK

Check Details

Version: 0.1.2
Check: LazyData
Result: NOTE
     'LazyData' is specified without a 'data' directory
Flavors: r-devel-linux-x86_64-debian-clang, r-devel-linux-x86_64-debian-gcc, r-devel-linux-x86_64-fedora-clang, r-devel-linux-x86_64-fedora-gcc, r-devel-windows-ix86+x86_64, r-devel-windows-x86_64-gcc10-UCRT