CRAN Package Check Results for Package phm

Last updated on 2021-10-22 23:51:59 CEST.

Flavor Version Tinstall Tcheck Ttotal Status Flags
r-devel-linux-x86_64-debian-clang 0.1.2 2.52 28.60 31.12 NOTE
r-devel-linux-x86_64-debian-gcc 0.1.2 2.28 22.12 24.40 NOTE
r-devel-linux-x86_64-fedora-clang 0.1.2 48.03 NOTE
r-devel-linux-x86_64-fedora-gcc 0.1.2 36.79 NOTE
r-devel-windows-x86_64 0.1.2 7.00 44.00 51.00 NOTE
r-devel-windows-x86_64-gcc10-UCRT 0.1.2 NOTE
r-patched-linux-x86_64 0.1.2 2.83 27.06 29.89 NOTE
r-patched-solaris-x86 0.1.2 59.80 NOTE
r-release-linux-x86_64 0.1.2 2.69 27.64 30.33 NOTE
r-release-macos-arm64 0.1.2 NOTE
r-release-macos-x86_64 0.1.2 NOTE
r-release-windows-ix86+x86_64 0.1.2 6.00 47.00 53.00 NOTE
r-oldrel-macos-x86_64 0.1.2 OK
r-oldrel-windows-ix86+x86_64 0.1.2 7.00 49.00 56.00 OK

Check Details

Version: 0.1.2
Check: LazyData
Result: NOTE
     'LazyData' is specified without a 'data' directory
Flavors: r-devel-linux-x86_64-debian-clang, r-devel-linux-x86_64-debian-gcc, r-devel-linux-x86_64-fedora-clang, r-devel-linux-x86_64-fedora-gcc, r-devel-windows-x86_64, r-devel-windows-x86_64-gcc10-UCRT, r-patched-linux-x86_64, r-patched-solaris-x86, r-release-linux-x86_64, r-release-macos-arm64, r-release-macos-x86_64, r-release-windows-ix86+x86_64