CRAN Package Check Results for Package phonR

Last updated on 2021-06-15 10:49:58 CEST.

Flavor Version Tinstall Tcheck Ttotal Status Flags
r-devel-linux-x86_64-debian-clang 1.0-7 3.64 34.41 38.05 OK
r-devel-linux-x86_64-debian-gcc 1.0-7 3.14 26.33 29.47 OK
r-devel-linux-x86_64-fedora-clang 1.0-7 54.80 NOTE
r-devel-linux-x86_64-fedora-gcc 1.0-7 44.49 OK
r-devel-windows-x86_64 1.0-7 7.00 50.00 57.00 OK
r-devel-windows-x86_64-gcc10-UCRT 1.0-7 OK
r-patched-linux-x86_64 1.0-7 4.35 34.07 38.42 OK
r-patched-solaris-x86 1.0-7 63.40 OK
r-release-linux-x86_64 1.0-7 4.40 33.79 38.19 OK
r-release-macos-arm64 1.0-7 OK
r-release-macos-x86_64 1.0-7 OK
r-release-windows-ix86+x86_64 1.0-7 7.00 35.00 42.00 OK
r-oldrel-macos-x86_64 1.0-7 OK
r-oldrel-windows-ix86+x86_64 1.0-7 6.00 53.00 59.00 OK

Check Details

Version: 1.0-7
Check: Rd cross-references
Result: NOTE
    Undeclared package ‘vowels’ in Rd xrefs
Flavor: r-devel-linux-x86_64-fedora-clang