CRAN Package Check Results for Package photobiology

Last updated on 2019-03-22 09:50:20 CET.

Flavor Version Tinstall Tcheck Ttotal Status Flags
r-devel-linux-x86_64-debian-clang 0.9.26 18.00 130.78 148.78 WARN
r-devel-linux-x86_64-debian-gcc 0.9.26 15.37 97.93 113.30 OK
r-devel-linux-x86_64-fedora-clang 0.9.26 171.71 OK
r-devel-linux-x86_64-fedora-gcc 0.9.26 168.06 OK
r-devel-windows-ix86+x86_64 0.9.26 41.00 186.00 227.00 OK
r-patched-linux-x86_64 0.9.26 13.90 127.51 141.41 OK
r-patched-solaris-x86 0.9.26 201.90 OK
r-release-linux-x86_64 0.9.26 14.12 126.69 140.81 OK
r-release-windows-ix86+x86_64 0.9.26 35.00 127.00 162.00 OK
r-release-osx-x86_64 0.9.26 OK
r-oldrel-windows-ix86+x86_64 0.9.26 38.00 195.00 233.00 OK
r-oldrel-osx-x86_64 0.9.26 OK

Check Details

Version: 0.9.26
Check: whether package can be installed
Result: WARN
    Found the following significant warnings:
     Warning: unable to re-encode 'rbindspct.r' lines 741, 827
     Warning: unable to re-encode 'spct.operators.r' line 1370
     Warning: unable to re-encode 'sun.data.r' lines 16, 43, 68, 97
     Warning: unable to re-encode 'water.vapour.R' lines 83, 90
Flavor: r-devel-linux-x86_64-debian-clang