CRAN Package Check Results for Package photobiology

Last updated on 2020-07-06 06:48:50 CEST.

Flavor Version Tinstall Tcheck Ttotal Status Flags
r-devel-linux-x86_64-debian-clang 0.10.4 21.71 163.87 185.58 OK
r-devel-linux-x86_64-debian-gcc 0.10.4 20.75 122.58 143.33 OK
r-devel-linux-x86_64-fedora-clang 0.10.4 223.60 NOTE
r-devel-linux-x86_64-fedora-gcc 0.10.4 213.97 OK
r-devel-windows-ix86+x86_64 0.10.4 48.00 188.00 236.00 OK
r-patched-linux-x86_64 0.10.4 24.50 160.89 185.39 OK
r-patched-solaris-x86 0.10.4 251.40 OK
r-release-linux-x86_64 0.10.4 22.64 161.44 184.08 OK
r-release-osx-x86_64 0.10.4 OK
r-release-windows-ix86+x86_64 0.10.4 35.00 178.00 213.00 OK
r-oldrel-osx-x86_64 0.10.4 OK
r-oldrel-windows-ix86+x86_64 0.10.4 58.00 243.00 301.00 OK

Check Details

Version: 0.10.4
Check: Rd cross-references
Result: NOTE
    Undeclared packages ‘fishmethods’, ‘photobiologyWavebands’ in Rd xrefs
Flavor: r-devel-linux-x86_64-fedora-clang