CRAN Package Check Results for Package photobiologyInOut

Last updated on 2020-02-17 17:52:17 CET.

Flavor Version Tinstall Tcheck Ttotal Status Flags
r-devel-linux-x86_64-debian-clang 0.4.21-1 5.50 97.98 103.48 OK
r-devel-linux-x86_64-debian-gcc 0.4.21-1 4.38 69.99 74.37 OK
r-devel-linux-x86_64-fedora-clang 0.4.21-1 114.08 OK
r-devel-linux-x86_64-fedora-gcc 0.4.21-1 112.76 OK
r-devel-windows-ix86+x86_64 0.4.21-1 12.00 102.00 114.00 OK
r-devel-windows-ix86+x86_64-gcc8 0.4.21-1 17.00 139.00 156.00 OK
r-patched-linux-x86_64 0.4.21-1 4.38 78.12 82.50 NOTE
r-patched-solaris-x86 0.4.21-1 138.10 NOTE
r-release-linux-x86_64 0.4.21-1 4.78 82.48 87.26 OK
r-release-windows-ix86+x86_64 0.4.21-1 7.00 102.00 109.00 OK
r-release-osx-x86_64 0.4.21-1 OK
r-oldrel-windows-ix86+x86_64 0.4.21-1 7.00 90.00 97.00 OK
r-oldrel-osx-x86_64 0.4.21-1 OK

Check Details

Version: 0.4.21-1
Check: package dependencies
Result: NOTE
    Package suggested but not available for checking: ‘hyperSpec’
Flavors: r-patched-linux-x86_64, r-patched-solaris-x86