CRAN Package Check Results for Package photobiologyLamps

Last updated on 2020-08-05 08:50:49 CEST.

Flavor Version Tinstall Tcheck Ttotal Status Flags
r-devel-linux-x86_64-debian-clang 0.4.3 3.47 39.90 43.37 OK
r-devel-linux-x86_64-debian-gcc 0.4.3 2.84 30.56 33.40 OK
r-devel-linux-x86_64-fedora-clang 0.4.3 59.84 NOTE
r-devel-linux-x86_64-fedora-gcc 0.4.3 50.03 NOTE
r-devel-windows-ix86+x86_64 0.4.3 16.00 57.00 73.00 OK
r-patched-linux-x86_64 0.4.3 3.31 38.96 42.27 OK
r-patched-solaris-x86 0.4.3 74.50 NOTE
r-release-linux-x86_64 0.4.3 3.59 38.47 42.06 OK
r-release-macos-x86_64 0.4.3 NOTE
r-release-windows-ix86+x86_64 0.4.3 15.00 70.00 85.00 OK
r-oldrel-macos-x86_64 0.4.3 NOTE
r-oldrel-windows-ix86+x86_64 0.4.3 7.00 50.00 57.00 OK

Check Details

Version: 0.4.3
Check: Rd cross-references
Result: NOTE
    Undeclared package ‘photobiologyLEDs’ in Rd xrefs
Flavor: r-devel-linux-x86_64-fedora-clang

Version: 0.4.3
Check: data for non-ASCII characters
Result: NOTE
     Note: found 1 marked Latin-1 string
Flavors: r-devel-linux-x86_64-fedora-clang, r-devel-linux-x86_64-fedora-gcc, r-patched-solaris-x86, r-release-macos-x86_64, r-oldrel-macos-x86_64