CRAN Package Check Results for Package photobiologyLamps

Last updated on 2024-06-13 04:52:35 CEST.

Flavor Version Tinstall Tcheck Ttotal Status Flags
r-devel-linux-x86_64-debian-clang 0.5.2 5.40 56.95 62.35 OK
r-devel-linux-x86_64-debian-gcc 0.5.2 0.35 1.71 2.06 ERROR
r-devel-linux-x86_64-fedora-clang 0.5.2 77.50 OK
r-devel-linux-x86_64-fedora-gcc 0.5.2 83.89 OK
r-devel-windows-x86_64 0.5.2 5.00 62.00 67.00 OK
r-patched-linux-x86_64 0.5.2 4.87 52.78 57.65 OK
r-release-linux-x86_64 0.5.2 2.86 52.64 55.50 OK
r-release-macos-arm64 0.5.2 31.00 OK
r-release-macos-x86_64 0.5.2 47.00 OK
r-release-windows-x86_64 0.5.2 5.00 65.00 70.00 OK
r-oldrel-macos-arm64 0.5.2 34.00 OK
r-oldrel-macos-x86_64 0.5.2 57.00 OK
r-oldrel-windows-x86_64 0.5.2 6.00 69.00 75.00 OK

Check Details

Version: 0.5.2
Check: package dependencies
Result: ERROR Package required but not available: ‘photobiology’ Packages suggested but not available for checking: 'ggspectra', 'photobiologyWavebands', 'ggplot2', 'photobiologyLEDs' See section ‘The DESCRIPTION file’ in the ‘Writing R Extensions’ manual. Flavor: r-devel-linux-x86_64-debian-gcc