CRAN Package Check Results for Package photobiologyLamps

Last updated on 2021-09-19 11:50:12 CEST.

Flavor Version Tinstall Tcheck Ttotal Status Flags
r-devel-linux-x86_64-debian-clang 0.4.3 3.57 44.22 47.79 OK
r-devel-linux-x86_64-debian-gcc 0.4.3 2.88 34.78 37.66 OK
r-devel-linux-x86_64-fedora-clang 0.4.3 66.35 NOTE
r-devel-linux-x86_64-fedora-gcc 0.4.3 55.08 NOTE
r-devel-windows-x86_64 0.4.3 6.00 68.00 74.00 OK
r-devel-windows-x86_64-gcc10-UCRT 0.4.3 ERROR
r-patched-linux-x86_64 0.4.3 4.16 42.42 46.58 OK
r-patched-solaris-x86 0.4.3 82.60 NOTE
r-release-linux-x86_64 0.4.3 3.65 41.65 45.30 OK
r-release-macos-arm64 0.4.3 NOTE
r-release-macos-x86_64 0.4.3 NOTE
r-release-windows-ix86+x86_64 0.4.3 8.00 49.00 57.00 OK
r-oldrel-macos-x86_64 0.4.3 NOTE
r-oldrel-windows-ix86+x86_64 0.4.3 9.00 50.00 59.00 OK

Check Details

Version: 0.4.3
Check: Rd cross-references
Result: NOTE
    Undeclared package ‘photobiologyLEDs’ in Rd xrefs
Flavor: r-devel-linux-x86_64-fedora-clang

Version: 0.4.3
Check: data for non-ASCII characters
Result: NOTE
     Note: found 1 marked Latin-1 string
Flavors: r-devel-linux-x86_64-fedora-clang, r-devel-linux-x86_64-fedora-gcc, r-devel-windows-x86_64-gcc10-UCRT, r-patched-solaris-x86, r-release-macos-arm64, r-release-macos-x86_64, r-oldrel-macos-x86_64

Version: 0.4.3
Check: whether package can be installed
Result: WARN
    Found the following significant warnings:
     WARNING: installation-time patches will not be applied, could not get the patches index
Flavor: r-devel-windows-x86_64-gcc10-UCRT

Version: 0.4.3
Check: PDF version of manual
Result: WARN
    LaTeX errors when creating PDF version.
    This typically indicates Rd problems.
Flavor: r-devel-windows-x86_64-gcc10-UCRT

Version: 0.4.3
Check: PDF version of manual without hyperrefs or index
Result: ERROR
    Re-running with no redirection of stdout/stderr.
Flavor: r-devel-windows-x86_64-gcc10-UCRT