CRAN Package Check Results for Package photobiologyLamps

Last updated on 2019-03-23 03:53:42 CET.

Flavor Version Tinstall Tcheck Ttotal Status Flags
r-devel-linux-x86_64-debian-clang 0.4.2 2.66 34.09 36.75 WARN
r-devel-linux-x86_64-debian-gcc 0.4.2 2.22 27.90 30.12 OK
r-devel-linux-x86_64-fedora-clang 0.4.2 46.31 NOTE
r-devel-linux-x86_64-fedora-gcc 0.4.2 44.38 NOTE
r-devel-windows-ix86+x86_64 0.4.2 8.00 67.00 75.00 OK
r-patched-linux-x86_64 0.4.2 1.47 34.28 35.75 OK
r-patched-solaris-x86 0.4.2 62.30 NOTE
r-release-linux-x86_64 0.4.2 0.33 2.26 2.59 ERROR
r-release-windows-ix86+x86_64 0.4.2 4.00 47.00 51.00 OK
r-release-osx-x86_64 0.4.2 NOTE
r-oldrel-windows-ix86+x86_64 0.4.2 7.00 73.00 80.00 OK
r-oldrel-osx-x86_64 0.4.2 NOTE

Check Details

Version: 0.4.2
Check: whether package can be installed
Result: WARN
    Found the following significant warnings:
     Warning: unable to re-encode 'macam.r' lines 15, 16
     Warning: unable to re-encode 'qp-uvb313-temp.r' lines 28, 29
Flavor: r-devel-linux-x86_64-debian-clang

Version: 0.4.2
Check: data for non-ASCII characters
Result: NOTE
     Note: found 1 marked Latin-1 string
Flavors: r-devel-linux-x86_64-fedora-clang, r-devel-linux-x86_64-fedora-gcc, r-patched-solaris-x86, r-release-osx-x86_64, r-oldrel-osx-x86_64

Version: 0.4.2
Check: whether package can be installed
Result: ERROR
    Installation failed.
Flavor: r-release-linux-x86_64