CRAN Package Check Results for Package photobiologyLamps

Last updated on 2022-07-03 03:50:03 CEST.

Flavor Version Tinstall Tcheck Ttotal Status Flags
r-devel-linux-x86_64-debian-clang 0.5.0 4.32 53.64 57.96 OK
r-devel-linux-x86_64-debian-gcc 0.5.0 3.41 39.92 43.33 OK
r-devel-linux-x86_64-fedora-clang 0.5.0 78.51 NOTE
r-devel-linux-x86_64-fedora-gcc 0.5.0 76.15 OK
r-devel-windows-x86_64 0.5.0 52.00 82.00 134.00 OK
r-patched-linux-x86_64 0.5.0 4.21 49.77 53.98 OK
r-release-linux-x86_64 0.5.0 4.83 50.99 55.82 OK
r-release-macos-arm64 0.5.0 23.00 OK
r-release-macos-x86_64 0.5.0 49.00 OK
r-release-windows-x86_64 0.5.0 61.00 81.00 142.00 OK
r-oldrel-macos-arm64 0.5.0 26.00 OK
r-oldrel-macos-x86_64 0.5.0 39.00 OK
r-oldrel-windows-ix86+x86_64 0.5.0 12.00 73.00 85.00 OK

Check Details

Version: 0.5.0
Check: Rd cross-references
Result: NOTE
    Undeclared package ‘photobiologyLEDs’ in Rd xrefs
Flavor: r-devel-linux-x86_64-fedora-clang