CRAN Package Check Results for Package photobiologyLamps

Last updated on 2019-12-10 07:50:08 CET.

Flavor Version Tinstall Tcheck Ttotal Status Flags
r-devel-linux-x86_64-debian-clang 0.4.3 3.24 37.49 40.73 OK
r-devel-linux-x86_64-debian-gcc 0.4.3 2.52 28.91 31.43 OK
r-devel-linux-x86_64-fedora-clang 0.4.3 48.63 NOTE
r-devel-linux-x86_64-fedora-gcc 0.4.3 47.10 NOTE
r-devel-windows-ix86+x86_64 0.4.3 7.00 73.00 80.00 OK
r-devel-windows-ix86+x86_64-gcc8 0.4.3 8.00 80.00 88.00 OK
r-patched-linux-x86_64 0.4.3 2.55 33.74 36.29 OK
r-patched-solaris-x86 0.4.3 65.10 NOTE
r-release-linux-x86_64 0.4.3 2.73 33.83 36.56 OK
r-release-windows-ix86+x86_64 0.4.3 8.00 52.00 60.00 OK
r-release-osx-x86_64 0.4.3 NOTE
r-oldrel-windows-ix86+x86_64 0.4.3 4.00 48.00 52.00 OK
r-oldrel-osx-x86_64 0.4.3 NOTE

Check Details

Version: 0.4.3
Check: data for non-ASCII characters
Result: NOTE
     Note: found 1 marked Latin-1 string
Flavors: r-devel-linux-x86_64-fedora-clang, r-devel-linux-x86_64-fedora-gcc, r-patched-solaris-x86, r-release-osx-x86_64, r-oldrel-osx-x86_64