CRAN Package Check Results for Package photobiologyLamps

Last updated on 2020-03-30 11:47:37 CEST.

Flavor Version Tinstall Tcheck Ttotal Status Flags
r-devel-linux-x86_64-debian-clang 0.4.3 3.26 37.28 40.54 OK
r-devel-linux-x86_64-debian-gcc 0.4.3 2.38 29.16 31.54 OK
r-devel-linux-x86_64-fedora-clang 0.4.3 48.46 NOTE
r-devel-linux-x86_64-fedora-gcc 0.4.3 48.07 NOTE
r-devel-windows-ix86+x86_64 0.4.3 10.00 49.00 59.00 OK
r-devel-windows-ix86+x86_64-gcc8 0.4.3 8.00 52.00 60.00 OK
r-patched-linux-x86_64 0.4.3 2.82 35.49 38.31 OK
r-patched-solaris-x86 0.4.3 73.60 NOTE
r-release-linux-x86_64 0.4.3 2.71 33.55 36.26 OK
r-release-windows-ix86+x86_64 0.4.3 14.00 75.00 89.00 OK
r-release-osx-x86_64 0.4.3 NOTE
r-oldrel-windows-ix86+x86_64 0.4.3 9.00 70.00 79.00 OK
r-oldrel-osx-x86_64 0.4.3 NOTE

Check Details

Version: 0.4.3
Check: data for non-ASCII characters
Result: NOTE
     Note: found 1 marked Latin-1 string
Flavors: r-devel-linux-x86_64-fedora-clang, r-devel-linux-x86_64-fedora-gcc, r-patched-solaris-x86, r-release-osx-x86_64, r-oldrel-osx-x86_64