CRAN Package Check Results for Package photobiologyLamps

Last updated on 2019-08-18 06:47:06 CEST.

Flavor Version Tinstall Tcheck Ttotal Status Flags
r-devel-linux-x86_64-debian-clang 0.4.3 3.07 35.03 38.10 OK
r-devel-linux-x86_64-debian-gcc 0.4.3 2.47 27.91 30.38 OK
r-devel-linux-x86_64-fedora-clang 0.4.3 45.14 NOTE
r-devel-linux-x86_64-fedora-gcc 0.4.3 43.13 NOTE
r-devel-windows-ix86+x86_64 0.4.3 13.00 53.00 66.00 OK
r-patched-linux-x86_64 0.4.3 2.49 34.24 36.73 OK
r-patched-solaris-x86 0.4.3 69.60 NOTE
r-release-linux-x86_64 0.4.3 2.28 33.79 36.07 OK
r-release-windows-ix86+x86_64 0.4.3 13.00 68.00 81.00 OK
r-release-osx-x86_64 0.4.3 NOTE
r-oldrel-windows-ix86+x86_64 0.4.3 6.00 71.00 77.00 OK
r-oldrel-osx-x86_64 0.4.3 NOTE

Check Details

Version: 0.4.3
Check: data for non-ASCII characters
Result: NOTE
     Note: found 1 marked Latin-1 string
Flavors: r-devel-linux-x86_64-fedora-clang, r-devel-linux-x86_64-fedora-gcc, r-patched-solaris-x86, r-release-osx-x86_64, r-oldrel-osx-x86_64