CRAN Package Check Results for Package photosynthesis

Last updated on 2020-09-29 06:46:59 CEST.

Flavor Version Tinstall Tcheck Ttotal Status Flags
r-devel-linux-x86_64-debian-clang 2.0.0 12.69 197.34 210.03 OK
r-devel-linux-x86_64-debian-gcc 2.0.0 9.17 141.14 150.31 OK
r-devel-linux-x86_64-fedora-clang 2.0.0 244.83 OK
r-devel-linux-x86_64-fedora-gcc 2.0.0 236.04 OK
r-devel-windows-ix86+x86_64 2.0.0 25.00 209.00 234.00 OK
r-patched-linux-x86_64 2.0.0 10.57 180.19 190.76 OK
r-patched-solaris-x86 2.0.0 605.40 OK
r-release-linux-x86_64 2.0.0 13.12 183.36 196.48 OK
r-release-macos-x86_64 2.0.0 OK
r-release-windows-ix86+x86_64 2.0.0 27.00 292.00 319.00 OK
r-oldrel-macos-x86_64 2.0.0 ERROR
r-oldrel-windows-ix86+x86_64 1.0.2 7.00 126.00 133.00 OK

Check Details

Version: 2.0.0
Check: package dependencies
Result: ERROR
    Packages required and available but unsuitable versions:
     'graphics', 'grDevices', 'stats', 'utils'
    
    See section ‘The DESCRIPTION file’ in the ‘Writing R Extensions’
    manual.
Flavor: r-oldrel-macos-x86_64