Last updated on 2023-03-28 09:53:54 CEST.
Flavor | Version | Tinstall | Tcheck | Ttotal | Status | Flags |
---|---|---|---|---|---|---|
r-devel-linux-x86_64-debian-clang | 0.8.10 | 40.69 | 167.00 | 207.69 | NOTE | |
r-devel-linux-x86_64-debian-gcc | 0.8.10 | 31.39 | 124.44 | 155.83 | NOTE | |
r-devel-linux-x86_64-fedora-clang | 0.8.10 | 266.25 | NOTE | |||
r-devel-linux-x86_64-fedora-gcc | 0.8.10 | 260.78 | NOTE | |||
r-patched-linux-x86_64 | 0.8.10 | 26.98 | 155.18 | 182.16 | NOTE | |
r-release-linux-x86_64 | 0.8.10 | 31.80 | 152.15 | 183.95 | OK | |
r-release-macos-arm64 | 0.8.10 | 67.00 | OK | |||
r-release-macos-x86_64 | 0.8.10 | 130.00 | OK | |||
r-release-windows-x86_64 | 0.8.10 | 141.00 | 228.00 | 369.00 | OK | |
r-oldrel-macos-arm64 | 0.8.10 | 84.00 | OK | |||
r-oldrel-macos-x86_64 | 0.8.10 | 107.00 | OK | |||
r-oldrel-windows-ix86+x86_64 | 0.8.10 | 87.00 | 278.00 | 365.00 | OK |
Version: 0.8.10
Check: Rd files
Result: NOTE
checkRd: (-1) phylo4d-methods.Rd:209: Escaped LaTeX specials: \$
Flavors: r-devel-linux-x86_64-debian-clang, r-devel-linux-x86_64-debian-gcc, r-devel-linux-x86_64-fedora-clang, r-devel-linux-x86_64-fedora-gcc, r-patched-linux-x86_64