Last updated on 2023-12-10 13:49:37 CET.
Flavor | Version | Tinstall | Tcheck | Ttotal | Status | Flags |
---|---|---|---|---|---|---|
r-devel-linux-x86_64-debian-clang | 0.1.3 | 9.33 | 91.80 | 101.13 | NOTE | |
r-devel-linux-x86_64-debian-gcc | 0.1.3 | 8.63 | 67.72 | 76.35 | NOTE | |
r-devel-linux-x86_64-fedora-clang | 0.1.3 | 126.29 | NOTE | |||
r-devel-linux-x86_64-fedora-gcc | 0.1.3 | 128.19 | NOTE | |||
r-devel-windows-x86_64 | 0.1.3 | 9.00 | 84.00 | 93.00 | NOTE | |
r-patched-linux-x86_64 | 0.1.3 | 9.58 | 86.48 | 96.06 | NOTE | |
r-release-linux-x86_64 | 0.1.3 | 6.87 | 85.79 | 92.66 | NOTE | |
r-release-macos-arm64 | 0.1.3 | 47.00 | NOTE | |||
r-release-macos-x86_64 | 0.1.3 | 82.00 | NOTE | |||
r-release-windows-x86_64 | 0.1.3 | 13.00 | 98.00 | 111.00 | NOTE | |
r-oldrel-macos-arm64 | 0.1.3 | 36.00 | NOTE | |||
r-oldrel-macos-x86_64 | 0.1.3 | 61.00 | NOTE | |||
r-oldrel-windows-x86_64 | 0.1.3 | 13.00 | 100.00 | 113.00 | NOTE |
Version: 0.1.3
Check: LazyData
Result: NOTE
'LazyData' is specified without a 'data' directory
Flavors: r-devel-linux-x86_64-debian-clang, r-devel-linux-x86_64-debian-gcc, r-devel-linux-x86_64-fedora-clang, r-devel-linux-x86_64-fedora-gcc, r-devel-windows-x86_64, r-patched-linux-x86_64, r-release-linux-x86_64, r-release-macos-arm64, r-release-macos-x86_64, r-release-windows-x86_64, r-oldrel-macos-arm64, r-oldrel-macos-x86_64, r-oldrel-windows-x86_64