CRAN Package Check Results for Package phylocomr

Last updated on 2022-10-04 20:53:46 CEST.

Flavor Version Tinstall Tcheck Ttotal Status Flags
r-devel-linux-x86_64-debian-clang 0.3.2 13.11 35.53 48.64 NOTE
r-devel-linux-x86_64-debian-gcc 0.3.2 11.42 27.45 38.87 NOTE
r-devel-linux-x86_64-fedora-clang 0.3.2 71.68 NOTE
r-devel-linux-x86_64-fedora-gcc 0.3.2 71.66 NOTE
r-devel-windows-x86_64 0.3.2 46.00 74.00 120.00 NOTE
r-patched-linux-x86_64 0.3.2 10.21 33.00 43.21 NOTE
r-release-linux-x86_64 0.3.2 10.98 34.06 45.04 NOTE
r-release-macos-arm64 0.3.2 24.00 NOTE
r-release-macos-x86_64 0.3.2 33.00 NOTE
r-release-windows-x86_64 0.3.2 53.00 73.00 126.00 NOTE
r-oldrel-macos-arm64 0.3.2 32.00 NOTE
r-oldrel-macos-x86_64 0.3.2 32.00 NOTE
r-oldrel-windows-ix86+x86_64 0.3.2 36.00 71.00 107.00 NOTE

Check Details

Version: 0.3.2
Check: LazyData
Result: NOTE
     'LazyData' is specified without a 'data' directory
Flavors: r-devel-linux-x86_64-debian-clang, r-devel-linux-x86_64-debian-gcc, r-devel-linux-x86_64-fedora-clang, r-devel-linux-x86_64-fedora-gcc, r-devel-windows-x86_64, r-patched-linux-x86_64, r-release-linux-x86_64, r-release-macos-arm64, r-release-macos-x86_64, r-release-windows-x86_64, r-oldrel-macos-arm64, r-oldrel-macos-x86_64, r-oldrel-windows-ix86+x86_64