CRAN Package Check Results for Package phylocurve

Last updated on 2018-12-17 01:46:51 CET.

Flavor Version Tinstall Tcheck Ttotal Status Flags
r-devel-linux-x86_64-debian-clang 2.0.9 50.23 2.92 53.15 ERROR
r-devel-linux-x86_64-debian-gcc 2.0.9 41.65 1.93 43.58 ERROR
r-devel-linux-x86_64-fedora-clang 2.0.9 207.40 OK
r-devel-linux-x86_64-fedora-gcc 2.0.9 193.50 OK
r-devel-windows-ix86+x86_64 2.0.9 79.00 249.00 328.00 OK
r-patched-linux-x86_64 2.0.9 45.33 113.03 158.36 OK
r-patched-solaris-x86 2.0.9 255.60 OK
r-release-linux-x86_64 2.0.9 46.24 115.87 162.11 OK
r-release-windows-ix86+x86_64 2.0.9 139.00 272.00 411.00 OK
r-release-osx-x86_64 2.0.9 OK
r-oldrel-windows-ix86+x86_64 2.0.9 114.00 289.00 403.00 OK
r-oldrel-osx-x86_64 2.0.9 OK

Check Details

Version: 2.0.9
Check: whether the package can be loaded
Result: ERROR
    Loading this package had a fatal error status code 1
    Loading log:
    Error: package or namespace load failed for ‘phylocurve’ in dyn.load(file, DLLpath = DLLpath, ...):
     unable to load shared object ‘/home/hornik/tmp/R.check/r-devel-clang/Work/build/Packages/Rcpp/libs/Rcpp.so’:
     /home/hornik/tmp/R.check/r-devel-clang/Work/build/Packages/Rcpp/libs/Rcpp.so: failed to map segment from shared object
    Execution halted
Flavor: r-devel-linux-x86_64-debian-clang

Version: 2.0.9
Check: whether the package can be loaded
Result: ERROR
    Loading this package had a fatal error status code 1
    Loading log:
    Error: package or namespace load failed for ‘phylocurve’ in dyn.load(file, DLLpath = DLLpath, ...):
     unable to load shared object ‘/home/hornik/tmp/R.check/r-devel-gcc/Work/build/Packages/Rcpp/libs/Rcpp.so’:
     /home/hornik/tmp/R.check/r-devel-gcc/Work/build/Packages/Rcpp/libs/Rcpp.so: failed to map segment from shared object
    Execution halted
Flavor: r-devel-linux-x86_64-debian-gcc