CRAN Package Check Results for Package phylocurve

Last updated on 2020-05-27 01:48:41 CEST.

Flavor Version Tinstall Tcheck Ttotal Status Flags
r-devel-linux-x86_64-debian-clang 2.1.1 64.41 137.98 202.39 OK
r-devel-linux-x86_64-debian-gcc 2.1.1 49.42 104.73 154.15 OK
r-devel-linux-x86_64-fedora-clang 2.1.1 250.34 OK
r-devel-linux-x86_64-fedora-gcc 2.1.1 241.18 OK
r-devel-windows-ix86+x86_64 2.1.1 162.00 230.00 392.00 OK
r-patched-linux-x86_64 2.1.1 54.30 135.61 189.91 OK
r-patched-solaris-x86 2.1.1 317.30 OK
r-release-linux-x86_64 2.1.1 53.99 136.06 190.05 OK
r-release-osx-x86_64 2.1.1 OK
r-release-windows-ix86+x86_64 2.1.1 134.00 329.00 463.00 OK
r-oldrel-osx-x86_64 2.1.1 WARN
r-oldrel-windows-ix86+x86_64 2.1.1 116.00 217.00 333.00 OK

Check Details

Version: 2.1.1
Check: whether package can be installed
Result: WARN
    Found the following significant warnings:
     Warning: 'rgl.init' failed, running with 'rgl.useNULL = TRUE'.
Flavor: r-oldrel-osx-x86_64