CRAN Package Check Results for Package phylocurve

Last updated on 2019-08-25 17:49:51 CEST.

Flavor Version Tinstall Tcheck Ttotal Status Flags
r-devel-linux-x86_64-debian-clang 2.0.9 50.20 121.46 171.66 OK
r-devel-linux-x86_64-debian-gcc 2.0.9 41.95 94.43 136.38 OK
r-devel-linux-x86_64-fedora-clang 2.0.9 223.25 OK
r-devel-linux-x86_64-fedora-gcc 2.0.9 224.95 OK
r-devel-windows-ix86+x86_64 2.0.9 156.00 196.00 352.00 OK
r-patched-linux-x86_64 2.0.9 46.17 120.23 166.40 OK
r-patched-solaris-x86 2.0.9 266.00 OK
r-release-linux-x86_64 2.0.9 47.05 120.19 167.24 OK
r-release-windows-ix86+x86_64 2.0.9 167.00 233.00 400.00 OK
r-release-osx-x86_64 2.0.9 WARN
r-oldrel-windows-ix86+x86_64 2.0.9 124.00 250.00 374.00 OK
r-oldrel-osx-x86_64 2.0.9 OK

Check Details

Version: 2.0.9
Check: whether package can be installed
Result: WARN
    Found the following significant warnings:
     Warning: 'rgl_init' failed, running with rgl.useNULL = TRUE
Flavor: r-release-osx-x86_64