CRAN Package Check Results for Package phylocurve

Last updated on 2019-10-14 05:47:03 CEST.

Flavor Version Tinstall Tcheck Ttotal Status Flags
r-devel-linux-x86_64-debian-clang 2.0.9 54.93 120.73 175.66 OK
r-devel-linux-x86_64-debian-gcc 2.0.9 44.46 92.99 137.45 OK
r-devel-linux-x86_64-fedora-clang 2.0.9 218.44 OK
r-devel-linux-x86_64-fedora-gcc 2.0.9 218.38 OK
r-devel-windows-ix86+x86_64 2.0.9 111.00 328.00 439.00 OK
r-patched-linux-x86_64 2.0.9 48.10 116.80 164.90 OK
r-patched-solaris-x86 2.0.9 292.30 OK
r-release-linux-x86_64 2.0.9 44.99 118.86 163.85 OK
r-release-windows-ix86+x86_64 2.0.9 156.00 198.00 354.00 OK
r-release-osx-x86_64 2.0.9 WARN
r-oldrel-windows-ix86+x86_64 2.0.9 93.00 189.00 282.00 OK
r-oldrel-osx-x86_64 2.0.9 OK

Check Details

Version: 2.0.9
Check: whether package can be installed
Result: WARN
    Found the following significant warnings:
     Warning: 'rgl_init' failed, running with rgl.useNULL = TRUE
Flavor: r-release-osx-x86_64