CRAN Package Check Results for Package phylocurve

Last updated on 2020-02-25 19:52:51 CET.

Flavor Version Tinstall Tcheck Ttotal Status Flags
r-devel-linux-x86_64-debian-clang 2.0.10 57.39 139.36 196.75 OK
r-devel-linux-x86_64-debian-gcc 2.0.10 44.51 104.72 149.23 OK
r-devel-linux-x86_64-fedora-clang 2.0.10 250.49 WARN
r-devel-linux-x86_64-fedora-gcc 2.0.10 236.14 OK
r-devel-windows-ix86+x86_64 2.0.10 120.00 205.00 325.00 OK
r-devel-windows-ix86+x86_64-gcc8 2.0.10 134.00 224.00 358.00 OK
r-patched-linux-x86_64 2.0.10 48.86 122.02 170.88 OK
r-patched-solaris-x86 2.0.10 299.30 OK
r-release-linux-x86_64 2.0.10 44.72 122.49 167.21 OK
r-release-windows-ix86+x86_64 2.0.10 115.00 184.00 299.00 OK
r-release-osx-x86_64 2.0.10 WARN
r-oldrel-windows-ix86+x86_64 2.0.10 96.00 190.00 286.00 OK
r-oldrel-osx-x86_64 2.0.10 WARN

Check Details

Version: 2.0.10
Check: package dependencies
Result: WARN
    Requires orphaned package: ‘mvnmle’
Flavor: r-devel-linux-x86_64-fedora-clang

Version: 2.0.10
Check: whether package can be installed
Result: WARN
    Found the following significant warnings:
     Warning: 'rgl_init' failed, running with rgl.useNULL = TRUE
Flavors: r-release-osx-x86_64, r-oldrel-osx-x86_64

Version: 2.0.10
Check: dependencies in R code
Result: NOTE
    No protocol specified
Flavors: r-release-osx-x86_64, r-oldrel-osx-x86_64

Version: 2.0.10
Check: S3 generic/method consistency
Result: WARN
    No protocol specified
    See section ‘Generic functions and methods’ in the ‘Writing R
    Extensions’ manual.
Flavors: r-release-osx-x86_64, r-oldrel-osx-x86_64

Version: 2.0.10
Check: replacement functions
Result: WARN
    No protocol specified
    The argument of a replacement function which corresponds to the right
    hand side must be named ‘value’.
Flavors: r-release-osx-x86_64, r-oldrel-osx-x86_64

Version: 2.0.10
Check: foreign function calls
Result: NOTE
    No protocol specified
    See chapter ‘System and foreign language interfaces’ in the ‘Writing R
    Extensions’ manual.
Flavors: r-release-osx-x86_64, r-oldrel-osx-x86_64

Version: 2.0.10
Check: R code for possible problems
Result: NOTE
    No protocol specified
Flavors: r-release-osx-x86_64, r-oldrel-osx-x86_64

Version: 2.0.10
Check: for missing documentation entries
Result: WARN
    No protocol specified
    All user-level objects in a package should have documentation entries.
    See chapter ‘Writing R documentation files’ in the ‘Writing R
    Extensions’ manual.
Flavors: r-release-osx-x86_64, r-oldrel-osx-x86_64

Version: 2.0.10
Check: for code/documentation mismatches
Result: WARN
    No protocol specified
    No protocol specified
    No protocol specified
Flavors: r-release-osx-x86_64, r-oldrel-osx-x86_64

Version: 2.0.10
Check: Rd \usage sections
Result: NOTE
    No protocol specified
    The \usage entries for S3 methods should use the \method markup and not
    their full name.
    See chapter ‘Writing R documentation files’ in the ‘Writing R
    Extensions’ manual.
Flavors: r-release-osx-x86_64, r-oldrel-osx-x86_64