CRAN Package Check Results for Package phylocurve

Last updated on 2019-06-18 20:47:26 CEST.

Flavor Version Tinstall Tcheck Ttotal Status Flags
r-devel-linux-x86_64-debian-clang 2.0.9 49.48 120.22 169.70 OK
r-devel-linux-x86_64-debian-gcc 2.0.9 41.22 93.03 134.25 OK
r-devel-linux-x86_64-fedora-clang 2.0.9 217.22 OK
r-devel-linux-x86_64-fedora-gcc 2.0.9 195.92 OK
r-devel-windows-ix86+x86_64 2.0.9 147.00 319.00 466.00 OK
r-patched-linux-x86_64 2.0.9 46.66 117.50 164.16 OK
r-patched-solaris-x86 2.0.9 300.00 OK
r-release-linux-x86_64 2.0.9 46.91 118.05 164.96 OK
r-release-windows-ix86+x86_64 2.0.9 175.00 348.00 523.00 OK
r-release-osx-x86_64 2.0.9 WARN
r-oldrel-windows-ix86+x86_64 2.0.9 81.00 263.00 344.00 OK
r-oldrel-osx-x86_64 2.0.9 OK

Check Details

Version: 2.0.9
Check: whether package can be installed
Result: WARN
    Found the following significant warnings:
     Warning: 'rgl_init' failed, running with rgl.useNULL = TRUE
Flavor: r-release-osx-x86_64