CRAN Package Check Results for Package phylocurve

Last updated on 2020-01-23 16:49:31 CET.

Flavor Version Tinstall Tcheck Ttotal Status Flags
r-devel-linux-x86_64-debian-clang 2.0.10 59.87 134.52 194.39 OK
r-devel-linux-x86_64-debian-gcc 2.0.10 43.07 101.88 144.95 OK
r-devel-linux-x86_64-fedora-clang 2.0.10 245.75 WARN
r-devel-linux-x86_64-fedora-gcc 2.0.10 227.69 OK
r-devel-windows-ix86+x86_64 2.0.10 186.00 335.00 521.00 OK
r-devel-windows-ix86+x86_64-gcc8 2.0.10 182.00 246.00 428.00 OK
r-patched-linux-x86_64 2.0.10 48.91 117.91 166.82 OK
r-patched-solaris-x86 2.0.10 307.60 OK
r-release-linux-x86_64 2.0.10 48.85 117.73 166.58 OK
r-release-windows-ix86+x86_64 2.0.10 113.00 360.00 473.00 OK
r-release-osx-x86_64 2.0.10 WARN
r-oldrel-windows-ix86+x86_64 2.0.10 87.00 285.00 372.00 OK
r-oldrel-osx-x86_64 2.0.10 WARN

Check Details

Version: 2.0.10
Check: package dependencies
Result: WARN
    Requires orphaned packages:
     ‘geiger’ ‘mvnmle’
Flavor: r-devel-linux-x86_64-fedora-clang

Version: 2.0.10
Check: whether package can be installed
Result: WARN
    Found the following significant warnings:
     Warning: 'rgl_init' failed, running with rgl.useNULL = TRUE
Flavors: r-release-osx-x86_64, r-oldrel-osx-x86_64

Version: 2.0.10
Check: dependencies in R code
Result: NOTE
    No protocol specified
Flavors: r-release-osx-x86_64, r-oldrel-osx-x86_64

Version: 2.0.10
Check: S3 generic/method consistency
Result: WARN
    No protocol specified
    See section ‘Generic functions and methods’ in the ‘Writing R
    Extensions’ manual.
Flavors: r-release-osx-x86_64, r-oldrel-osx-x86_64

Version: 2.0.10
Check: replacement functions
Result: WARN
    No protocol specified
    The argument of a replacement function which corresponds to the right
    hand side must be named ‘value’.
Flavors: r-release-osx-x86_64, r-oldrel-osx-x86_64

Version: 2.0.10
Check: foreign function calls
Result: NOTE
    No protocol specified
    See chapter ‘System and foreign language interfaces’ in the ‘Writing R
    Extensions’ manual.
Flavors: r-release-osx-x86_64, r-oldrel-osx-x86_64

Version: 2.0.10
Check: R code for possible problems
Result: NOTE
    No protocol specified
Flavors: r-release-osx-x86_64, r-oldrel-osx-x86_64

Version: 2.0.10
Check: for missing documentation entries
Result: WARN
    No protocol specified
    All user-level objects in a package should have documentation entries.
    See chapter ‘Writing R documentation files’ in the ‘Writing R
    Extensions’ manual.
Flavors: r-release-osx-x86_64, r-oldrel-osx-x86_64

Version: 2.0.10
Check: for code/documentation mismatches
Result: WARN
    No protocol specified
    No protocol specified
    No protocol specified
Flavors: r-release-osx-x86_64, r-oldrel-osx-x86_64

Version: 2.0.10
Check: Rd \usage sections
Result: NOTE
    No protocol specified
    The \usage entries for S3 methods should use the \method markup and not
    their full name.
    See chapter ‘Writing R documentation files’ in the ‘Writing R
    Extensions’ manual.
Flavors: r-release-osx-x86_64, r-oldrel-osx-x86_64