CRAN Package Check Results for Package phylocurve

Last updated on 2020-03-30 12:49:15 CEST.

Flavor Version Tinstall Tcheck Ttotal Status Flags
r-devel-linux-x86_64-debian-clang 2.0.10 61.19 138.71 199.90 OK
r-devel-linux-x86_64-debian-gcc 2.0.10 44.48 104.37 148.85 OK
r-devel-linux-x86_64-fedora-clang 2.0.10 244.20 WARN
r-devel-linux-x86_64-fedora-gcc 2.0.10 240.34 OK
r-devel-windows-ix86+x86_64 2.0.10 109.00 191.00 300.00 OK
r-devel-windows-ix86+x86_64-gcc8 2.0.10 121.00 209.00 330.00 OK
r-patched-linux-x86_64 2.0.10 54.25 133.90 188.15 OK
r-patched-solaris-x86 2.0.10 330.40 OK
r-release-linux-x86_64 2.0.10 45.40 119.78 165.18 OK
r-release-windows-ix86+x86_64 2.0.10 170.00 308.00 478.00 OK
r-release-osx-x86_64 2.0.10 WARN
r-oldrel-windows-ix86+x86_64 2.0.10 147.00 276.00 423.00 OK
r-oldrel-osx-x86_64 2.0.10 WARN

Check Details

Version: 2.0.10
Check: package dependencies
Result: WARN
    Requires orphaned package: ‘mvnmle’
Flavor: r-devel-linux-x86_64-fedora-clang

Version: 2.0.10
Check: whether package can be installed
Result: WARN
    Found the following significant warnings:
     Warning: 'rgl_init' failed, running with rgl.useNULL = TRUE
Flavors: r-release-osx-x86_64, r-oldrel-osx-x86_64

Version: 2.0.10
Check: dependencies in R code
Result: NOTE
    No protocol specified
Flavors: r-release-osx-x86_64, r-oldrel-osx-x86_64

Version: 2.0.10
Check: S3 generic/method consistency
Result: WARN
    No protocol specified
    See section ‘Generic functions and methods’ in the ‘Writing R
    Extensions’ manual.
Flavors: r-release-osx-x86_64, r-oldrel-osx-x86_64

Version: 2.0.10
Check: replacement functions
Result: WARN
    No protocol specified
    The argument of a replacement function which corresponds to the right
    hand side must be named ‘value’.
Flavors: r-release-osx-x86_64, r-oldrel-osx-x86_64

Version: 2.0.10
Check: foreign function calls
Result: NOTE
    No protocol specified
    See chapter ‘System and foreign language interfaces’ in the ‘Writing R
    Extensions’ manual.
Flavors: r-release-osx-x86_64, r-oldrel-osx-x86_64

Version: 2.0.10
Check: R code for possible problems
Result: NOTE
    No protocol specified
Flavors: r-release-osx-x86_64, r-oldrel-osx-x86_64

Version: 2.0.10
Check: for missing documentation entries
Result: WARN
    No protocol specified
    All user-level objects in a package should have documentation entries.
    See chapter ‘Writing R documentation files’ in the ‘Writing R
    Extensions’ manual.
Flavors: r-release-osx-x86_64, r-oldrel-osx-x86_64

Version: 2.0.10
Check: for code/documentation mismatches
Result: WARN
    No protocol specified
    No protocol specified
    No protocol specified
Flavors: r-release-osx-x86_64, r-oldrel-osx-x86_64

Version: 2.0.10
Check: Rd \usage sections
Result: NOTE
    No protocol specified
    The \usage entries for S3 methods should use the \method markup and not
    their full name.
    See chapter ‘Writing R documentation files’ in the ‘Writing R
    Extensions’ manual.
Flavors: r-release-osx-x86_64, r-oldrel-osx-x86_64