Last updated on 2023-11-30 17:50:17 CET.
Flavor | Version | Tinstall | Tcheck | Ttotal | Status | Flags |
---|---|---|---|---|---|---|
r-devel-linux-x86_64-debian-clang | 1.0.8 | 40.05 | 424.46 | 464.51 | NOTE | |
r-devel-linux-x86_64-debian-gcc | 1.0.8 | 32.56 | 304.85 | 337.41 | NOTE | |
r-devel-linux-x86_64-fedora-clang | 1.0.8 | 562.73 | NOTE | |||
r-devel-linux-x86_64-fedora-gcc | 1.0.8 | 551.75 | OK | |||
r-devel-windows-x86_64 | 1.0.8 | 32.00 | 269.00 | 301.00 | OK | |
r-patched-linux-x86_64 | 1.0.8 | 45.22 | 396.81 | 442.03 | OK | |
r-release-linux-x86_64 | 1.0.8 | 36.94 | 393.56 | 430.50 | OK | |
r-release-macos-arm64 | 1.0.8 | 135.00 | NOTE | |||
r-release-macos-x86_64 | 1.0.8 | 246.00 | NOTE | |||
r-release-windows-x86_64 | 1.0.8 | 43.00 | 377.00 | 420.00 | OK | |
r-oldrel-macos-arm64 | 1.0.8 | 119.00 | OK | |||
r-oldrel-macos-x86_64 | 1.0.8 | 187.00 | OK | |||
r-oldrel-windows-x86_64 | 1.0.8 | 44.00 | 348.00 | 392.00 | OK |
Version: 1.0.8
Check: Rd files
Result: NOTE
checkRd: (-1) fitgom.Rd:87: Lost braces
87 | \item \code{theta} The ncol{counts} by K matrix of estimated
| ^
checkRd: (-1) fitgom.Rd:89: Lost braces
89 | \item \code{omega} The nrow{counts} by K matrix of estimated
| ^
Flavors: r-devel-linux-x86_64-debian-clang, r-devel-linux-x86_64-debian-gcc
Version: 1.0.8
Check: Rd cross-references
Result: NOTE
Undeclared package ‘picante’ in Rd xrefs
Flavor: r-devel-linux-x86_64-fedora-clang
Version: 1.0.8
Check: package dependencies
Result: NOTE
Package suggested but not available for checking: ‘phyloseq’
Flavors: r-release-macos-arm64, r-release-macos-x86_64