CRAN Package Check Results for Package phyloseqGraphTest

Last updated on 2019-12-10 21:47:41 CET.

Flavor Version Tinstall Tcheck Ttotal Status Flags
r-devel-linux-x86_64-debian-clang 0.0.2 22.26 230.72 252.98 OK
r-devel-linux-x86_64-debian-gcc 0.0.2 18.48 173.67 192.15 OK
r-devel-linux-x86_64-fedora-clang 0.0.2 309.96 NOTE
r-devel-linux-x86_64-fedora-gcc 0.0.2 305.52 NOTE
r-devel-windows-ix86+x86_64 0.0.2 47.00 263.00 310.00 OK
r-devel-windows-ix86+x86_64-gcc8 0.0.2 48.00 276.00 324.00 OK
r-patched-linux-x86_64 0.0.2 22.28 203.97 226.25 OK
r-patched-solaris-x86 0.0.2 404.60 NOTE
r-release-linux-x86_64 0.0.2 18.34 209.50 227.84 OK
r-release-windows-ix86+x86_64 0.0.2 41.00 200.00 241.00 OK
r-release-osx-x86_64 0.0.2 NOTE
r-oldrel-windows-ix86+x86_64 0.0.2 23.00 189.00 212.00 OK
r-oldrel-osx-x86_64 0.0.2 ERROR

Check Details

Version: 0.0.2
Check: dependencies in R code
Result: NOTE
    Namespace in Imports field not imported from: ‘intergraph’
     All declared Imports should be used.
Flavors: r-devel-linux-x86_64-fedora-clang, r-devel-linux-x86_64-fedora-gcc, r-patched-solaris-x86, r-release-osx-x86_64

Version: 0.0.2
Check: package dependencies
Result: ERROR
    Package required and available but unsuitable version: ‘phyloseq’
    
    See section ‘The DESCRIPTION file’ in the ‘Writing R Extensions’
    manual.
Flavor: r-oldrel-osx-x86_64