CRAN Package Check Results for Package phyloseqGraphTest

Last updated on 2021-05-17 02:47:00 CEST.

Flavor Version Tinstall Tcheck Ttotal Status Flags
r-devel-linux-x86_64-debian-clang 0.1.0 26.32 236.20 262.52 NOTE
r-devel-linux-x86_64-debian-gcc 0.1.0 21.21 177.07 198.28 NOTE
r-devel-linux-x86_64-fedora-clang 0.1.0 346.21 NOTE
r-devel-linux-x86_64-fedora-gcc 0.1.0 336.04 NOTE
r-devel-windows-ix86+x86_64 0.1.0 67.00 186.00 253.00 NOTE
r-devel-windows-x86_64-gcc10-UCRT 0.1.0 ERROR
r-patched-linux-x86_64 0.1.0 24.38 220.76 245.14 NOTE
r-patched-solaris-x86 0.1.0 480.40 NOTE
r-release-linux-x86_64 0.1.0 20.15 217.40 237.55 OK
r-release-macos-x86_64 0.1.0 NOTE
r-release-windows-ix86+x86_64 0.1.0 40.00 195.00 235.00 OK
r-oldrel-macos-x86_64 0.1.0 NOTE
r-oldrel-windows-ix86+x86_64 0.1.0 39.00 248.00 287.00 OK

Check Details

Version: 0.1.0
Check: LazyData
Result: NOTE
     'LazyData' is specified without a 'data' directory
Flavors: r-devel-linux-x86_64-debian-clang, r-devel-linux-x86_64-debian-gcc, r-devel-linux-x86_64-fedora-clang, r-devel-linux-x86_64-fedora-gcc, r-devel-windows-ix86+x86_64, r-patched-linux-x86_64, r-patched-solaris-x86

Version: 0.1.0
Check: dependencies in R code
Result: NOTE
    Namespace in Imports field not imported from: ‘intergraph’
     All declared Imports should be used.
Flavors: r-devel-linux-x86_64-fedora-clang, r-devel-linux-x86_64-fedora-gcc, r-patched-solaris-x86, r-release-macos-x86_64, r-oldrel-macos-x86_64

Version: 0.1.0
Check: package dependencies
Result: ERROR
    Package required but not available: 'phyloseq'
    
    See section 'The DESCRIPTION file' in the 'Writing R Extensions'
    manual.
Flavor: r-devel-windows-x86_64-gcc10-UCRT