Last updated on 2022-06-29 14:51:25 CEST.
Flavor | Version | Tinstall | Tcheck | Ttotal | Status | Flags |
---|---|---|---|---|---|---|
r-devel-linux-x86_64-debian-clang | 1.3 | 52.59 | 323.99 | 376.58 | OK | |
r-devel-linux-x86_64-debian-gcc | 1.3 | 43.11 | 236.24 | 279.35 | OK | |
r-devel-linux-x86_64-fedora-clang | 1.3 | 464.73 | OK | |||
r-devel-linux-x86_64-fedora-gcc | 1.3 | 454.39 | OK | |||
r-devel-windows-x86_64 | 1.3 | 99.00 | 340.00 | 439.00 | OK | |
r-patched-linux-x86_64 | 1.3 | 46.85 | 304.95 | 351.80 | OK | |
r-release-linux-x86_64 | 1.3 | 44.32 | 306.17 | 350.49 | OK | |
r-release-macos-arm64 | 1.3 | 115.00 | OK | |||
r-release-macos-x86_64 | 1.3 | 198.00 | OK | |||
r-release-windows-x86_64 | 1.3 | 87.00 | 348.00 | 435.00 | OK | |
r-oldrel-macos-arm64 | 1.3 | 154.00 | NOTE | |||
r-oldrel-macos-x86_64 | 1.3 | 276.00 | OK | |||
r-oldrel-windows-ix86+x86_64 | 1.3 | 125.00 | 434.00 | 559.00 | OK |
Version: 1.3
Check: installed package size
Result: NOTE
installed size is 5.3Mb
sub-directories of 1Mb or more:
help 1.6Mb
libs 2.5Mb
Flavor: r-oldrel-macos-arm64