CRAN Package Check Results for Package phyr

Last updated on 2020-07-04 14:48:31 CEST.

Flavor Version Tinstall Tcheck Ttotal Status Flags
r-devel-linux-x86_64-debian-clang 1.0.2 157.11 127.84 284.95 NOTE
r-devel-linux-x86_64-debian-gcc 1.0.2 132.28 96.46 228.74 NOTE
r-devel-linux-x86_64-fedora-clang 1.0.2 437.70 NOTE
r-devel-linux-x86_64-fedora-gcc 1.0.2 392.72 OK
r-devel-windows-ix86+x86_64 1.0.2 383.00 177.00 560.00 NOTE
r-patched-linux-x86_64 1.0.2 143.33 124.26 267.59 NOTE
r-patched-solaris-x86 1.0.2 374.00 NOTE
r-release-linux-x86_64 1.0.2 134.09 124.60 258.69 NOTE
r-release-osx-x86_64 1.0.2 NOTE
r-release-windows-ix86+x86_64 1.0.2 311.00 181.00 492.00 NOTE
r-oldrel-osx-x86_64 1.0.2 NOTE
r-oldrel-windows-ix86+x86_64 1.0.2 294.00 233.00 527.00 NOTE

Check Details

Version: 1.0.2
Check: package dependencies
Result: NOTE
    Package suggested but not available for checking: 'INLA'
Flavors: r-devel-linux-x86_64-debian-clang, r-devel-linux-x86_64-debian-gcc, r-patched-linux-x86_64, r-patched-solaris-x86, r-release-linux-x86_64, r-release-osx-x86_64, r-oldrel-osx-x86_64

Version: 1.0.2
Check: installed package size
Result: NOTE
     installed size is 17.3Mb
     sub-directories of 1Mb or more:
     doc 2.0Mb
     libs 14.8Mb
Flavors: r-devel-linux-x86_64-fedora-clang, r-devel-windows-ix86+x86_64, r-release-osx-x86_64, r-release-windows-ix86+x86_64, r-oldrel-osx-x86_64, r-oldrel-windows-ix86+x86_64