CRAN Package Check Results for Package phyr

Last updated on 2019-12-15 12:47:25 CET.

Flavor Version Tinstall Tcheck Ttotal Status Flags
r-devel-linux-x86_64-debian-clang 1.0.2 151.15 125.92 277.07 NOTE
r-devel-linux-x86_64-debian-gcc 1.0.2 123.90 96.95 220.85 NOTE
r-devel-linux-x86_64-fedora-clang 1.0.2 377.75 NOTE
r-devel-linux-x86_64-fedora-gcc 1.0.2 392.35 OK
r-devel-windows-ix86+x86_64 1.0.2 257.00 243.00 500.00 NOTE
r-devel-windows-ix86+x86_64-gcc8 1.0.2 276.00 266.00 542.00 NOTE
r-patched-linux-x86_64 1.0.2 126.29 115.32 241.61 NOTE
r-patched-solaris-x86 1.0.2 371.90 NOTE
r-release-linux-x86_64 1.0.2 130.46 113.84 244.30 NOTE
r-release-windows-ix86+x86_64 1.0.2 241.00 177.00 418.00 NOTE
r-release-osx-x86_64 1.0.2 NOTE
r-oldrel-windows-ix86+x86_64 1.0.2 231.00 169.00 400.00 NOTE
r-oldrel-osx-x86_64 1.0.2 NOTE

Check Details

Version: 1.0.2
Check: package dependencies
Result: NOTE
    Package suggested but not available for checking: 'INLA'
Flavors: r-devel-linux-x86_64-debian-clang, r-devel-linux-x86_64-debian-gcc, r-patched-linux-x86_64, r-patched-solaris-x86, r-release-linux-x86_64, r-release-osx-x86_64, r-oldrel-osx-x86_64

Version: 1.0.2
Check: installed package size
Result: NOTE
     installed size is 15.4Mb
     sub-directories of 1Mb or more:
     doc 2.0Mb
     libs 12.9Mb
Flavors: r-devel-linux-x86_64-fedora-clang, r-devel-windows-ix86+x86_64, r-devel-windows-ix86+x86_64-gcc8, r-release-windows-ix86+x86_64, r-release-osx-x86_64, r-oldrel-windows-ix86+x86_64, r-oldrel-osx-x86_64

Version: 1.0.2
Check: whether the namespace can be loaded with stated dependencies
Result: NOTE
    Warning in inla.print.version() :
     INLA_18.07.12: 32bit binaries are no longer supported!
    
    A namespace must be able to be loaded with just the base namespace
    loaded: otherwise if the namespace gets loaded by a saved object, the
    session will be unable to start.
    
    Probably some imports need to be declared in the NAMESPACE file.
Flavor: r-devel-windows-ix86+x86_64-gcc8