CRAN Package Check Results for Package phytotools

Last updated on 2021-10-27 07:56:16 CEST.

Flavor Version Tinstall Tcheck Ttotal Status Flags
r-devel-linux-x86_64-debian-clang 1.0 3.52 40.02 43.54 NOTE
r-devel-linux-x86_64-debian-gcc 1.0 2.53 31.64 34.17 NOTE
r-devel-linux-x86_64-fedora-clang 1.0 62.99 NOTE
r-devel-linux-x86_64-fedora-gcc 1.0 54.01 NOTE
r-devel-windows-x86_64 1.0 6.00 51.00 57.00 NOTE
r-devel-windows-x86_64-gcc10-UCRT 1.0 NOTE
r-patched-linux-x86_64 1.0 3.78 39.50 43.28 NOTE
r-patched-solaris-x86 1.0 79.50 NOTE
r-release-linux-x86_64 1.0 3.38 38.94 42.32 NOTE
r-release-macos-arm64 1.0 NOTE
r-release-macos-x86_64 1.0 NOTE
r-release-windows-ix86+x86_64 1.0 6.00 66.00 72.00 NOTE
r-oldrel-macos-x86_64 1.0 NOTE
r-oldrel-windows-ix86+x86_64 1.0 9.00 72.00 81.00 NOTE

Check Details

Version: 1.0
Check: R code for possible problems
Result: NOTE
    incident: no visible global function definition for 'splinefun'
    incident: no visible global function definition for 'integrate'
    phytoprod: no visible global function definition for 'approx'
    phytoprod: no visible global function definition for 'splinefun'
    phytoprod: no visible global function definition for 'integrate'
    reflectance: no visible global function definition for 'approx'
    Undefined global functions or variables:
     approx integrate splinefun
    Consider adding
     importFrom("stats", "approx", "integrate", "splinefun")
    to your NAMESPACE file.
Flavors: r-devel-linux-x86_64-debian-clang, r-devel-linux-x86_64-debian-gcc, r-devel-linux-x86_64-fedora-clang, r-devel-linux-x86_64-fedora-gcc, r-devel-windows-x86_64, r-devel-windows-x86_64-gcc10-UCRT, r-patched-linux-x86_64, r-patched-solaris-x86, r-release-linux-x86_64, r-release-macos-arm64, r-release-macos-x86_64, r-release-windows-ix86+x86_64, r-oldrel-macos-x86_64, r-oldrel-windows-ix86+x86_64