CRAN Package Check Results for Package phytotools

Last updated on 2020-05-25 08:50:52 CEST.

Flavor Version Tinstall Tcheck Ttotal Status Flags
r-devel-linux-x86_64-debian-clang 1.0 3.90 38.57 42.47 NOTE
r-devel-linux-x86_64-debian-gcc 1.0 2.82 30.31 33.13 NOTE
r-devel-linux-x86_64-fedora-clang 1.0 50.89 NOTE
r-devel-linux-x86_64-fedora-gcc 1.0 51.39 NOTE
r-devel-windows-ix86+x86_64 1.0 12.00 59.00 71.00 NOTE
r-patched-linux-x86_64 1.0 3.24 38.76 42.00 NOTE
r-patched-solaris-x86 1.0 76.50 NOTE
r-release-linux-x86_64 1.0 3.70 38.48 42.18 NOTE
r-release-osx-x86_64 1.0 NOTE
r-release-windows-ix86+x86_64 1.0 10.00 92.00 102.00 NOTE
r-oldrel-osx-x86_64 1.0 NOTE
r-oldrel-windows-ix86+x86_64 1.0 7.00 67.00 74.00 NOTE

Check Details

Version: 1.0
Check: R code for possible problems
Result: NOTE
    incident: no visible global function definition for 'splinefun'
    incident: no visible global function definition for 'integrate'
    phytoprod: no visible global function definition for 'approx'
    phytoprod: no visible global function definition for 'splinefun'
    phytoprod: no visible global function definition for 'integrate'
    reflectance: no visible global function definition for 'approx'
    Undefined global functions or variables:
     approx integrate splinefun
    Consider adding
     importFrom("stats", "approx", "integrate", "splinefun")
    to your NAMESPACE file.
Flavors: r-devel-linux-x86_64-debian-clang, r-devel-linux-x86_64-debian-gcc, r-devel-linux-x86_64-fedora-clang, r-devel-linux-x86_64-fedora-gcc, r-devel-windows-ix86+x86_64, r-patched-linux-x86_64, r-patched-solaris-x86, r-release-linux-x86_64, r-release-osx-x86_64, r-release-windows-ix86+x86_64, r-oldrel-osx-x86_64, r-oldrel-windows-ix86+x86_64