Last updated on 2023-12-08 00:52:04 CET.
Flavor | Version | Tinstall | Tcheck | Ttotal | Status | Flags |
---|---|---|---|---|---|---|
r-devel-linux-x86_64-debian-clang | 0.1.0 | 3.19 | 45.84 | 49.03 | NOTE | |
r-devel-linux-x86_64-debian-gcc | 0.1.0 | 2.55 | 35.25 | 37.80 | NOTE | |
r-devel-linux-x86_64-fedora-clang | 0.1.0 | 62.52 | NOTE | |||
r-devel-linux-x86_64-fedora-gcc | 0.1.0 | 58.44 | NOTE | |||
r-devel-windows-x86_64 | 0.1.0 | 4.00 | 58.00 | 62.00 | NOTE | |
r-patched-linux-x86_64 | 0.1.0 | 2.73 | 45.33 | 48.06 | NOTE | |
r-release-linux-x86_64 | 0.1.0 | 3.31 | 43.82 | 47.13 | NOTE | |
r-release-macos-arm64 | 0.1.0 | 23.00 | NOTE | |||
r-release-macos-x86_64 | 0.1.0 | 33.00 | NOTE | |||
r-release-windows-x86_64 | 0.1.0 | 5.00 | 65.00 | 70.00 | NOTE | |
r-oldrel-macos-arm64 | 0.1.0 | 24.00 | OK | |||
r-oldrel-macos-x86_64 | 0.1.0 | 31.00 | OK | |||
r-oldrel-windows-x86_64 | 0.1.0 | 5.00 | 63.00 | 68.00 | OK |
Version: 0.1.0
Check: package subdirectories
Result: NOTE
Problems with news in ‘NEWS.md’:
No news entries found.
Flavors: r-devel-linux-x86_64-debian-clang, r-devel-linux-x86_64-debian-gcc, r-devel-linux-x86_64-fedora-clang, r-devel-linux-x86_64-fedora-gcc, r-devel-windows-x86_64, r-patched-linux-x86_64, r-release-linux-x86_64, r-release-macos-arm64, r-release-macos-x86_64, r-release-windows-x86_64
Version: 0.1.0
Check: Rd \usage sections
Result: NOTE
Documented arguments not in \usage in Rd file 'TungUbRF.Rd':
‘feature_num_tree’
Functions with \usage entries need to have the appropriate \alias
entries, and all their arguments documented.
The \usage entries must correspond to syntactically valid R code.
See chapter ‘Writing R documentation files’ in the ‘Writing R
Extensions’ manual.
Flavors: r-devel-linux-x86_64-debian-clang, r-devel-linux-x86_64-debian-gcc, r-devel-linux-x86_64-fedora-clang, r-devel-linux-x86_64-fedora-gcc, r-devel-windows-x86_64