Last updated on 2023-03-29 01:51:37 CEST.
Flavor | Version | Tinstall | Tcheck | Ttotal | Status | Flags |
---|---|---|---|---|---|---|
r-devel-linux-x86_64-debian-clang | 1.8.2 | 16.79 | 115.68 | 132.47 | NOTE | |
r-devel-linux-x86_64-debian-gcc | 1.8.2 | 11.29 | 88.35 | 99.64 | NOTE | |
r-devel-linux-x86_64-fedora-clang | 1.8.2 | 161.49 | NOTE | |||
r-devel-linux-x86_64-fedora-gcc | 1.8.2 | 166.80 | NOTE | |||
r-devel-windows-x86_64 | 1.8.2 | 38.00 | 0.00 | 38.00 | NOTE | |
r-patched-linux-x86_64 | 1.8.2 | 13.72 | 111.60 | 125.32 | NOTE | |
r-release-linux-x86_64 | 1.8.2 | 12.25 | 110.62 | 122.87 | OK | |
r-release-macos-arm64 | 1.8.2 | 53.00 | OK | |||
r-release-macos-x86_64 | 1.8.2 | 67.00 | OK | |||
r-release-windows-x86_64 | 1.8.2 | 41.00 | 167.00 | 208.00 | OK | |
r-oldrel-macos-arm64 | 1.8.2 | 52.00 | OK | |||
r-oldrel-macos-x86_64 | 1.8.2 | 95.00 | OK | |||
r-oldrel-windows-ix86+x86_64 | 1.8.2 | 29.00 | 180.00 | 209.00 | OK |
Version: 1.8.2
Check: Rd files
Result: NOTE
checkRd: (-1) Kcalc.Rd:13: Escaped LaTeX specials: \$
checkRd: (-1) phylosignal.Rd:13: Escaped LaTeX specials: \$
checkRd: (-1) traitgram.Rd:14: Escaped LaTeX specials: \$
checkRd: (-1) utility.Rd:37: Escaped LaTeX specials: \$ \$
Flavors: r-devel-linux-x86_64-debian-clang, r-devel-linux-x86_64-debian-gcc, r-devel-linux-x86_64-fedora-clang, r-devel-linux-x86_64-fedora-gcc, r-devel-windows-x86_64, r-patched-linux-x86_64