CRAN Package Check Results for Package picante

Last updated on 2022-10-05 04:07:18 CEST.

Flavor Version Tinstall Tcheck Ttotal Status Flags
r-devel-linux-x86_64-debian-clang 1.8.2 13.56 115.60 129.16 NOTE
r-devel-linux-x86_64-debian-gcc 1.8.2 12.06 87.04 99.10 NOTE
r-devel-linux-x86_64-fedora-clang 1.8.2 168.96 NOTE
r-devel-linux-x86_64-fedora-gcc 1.8.2 162.25 NOTE
r-devel-windows-x86_64 1.8.2 36.00 171.00 207.00 NOTE
r-patched-linux-x86_64 1.8.2 11.03 109.63 120.66 OK
r-release-linux-x86_64 1.8.2 13.04 108.38 121.42 OK
r-release-macos-arm64 1.8.2 53.00 OK
r-release-macos-x86_64 1.8.2 67.00 OK
r-release-windows-x86_64 1.8.2 20.00 164.00 184.00 OK
r-oldrel-macos-arm64 1.8.2 52.00 OK
r-oldrel-macos-x86_64 1.8.2 95.00 OK
r-oldrel-windows-ix86+x86_64 1.8.2 33.00 174.00 207.00 OK

Check Details

Version: 1.8.2
Check: Rd files
Result: NOTE
    checkRd: (-1) Kcalc.Rd:13: Escaped LaTeX specials: \$
    checkRd: (-1) phylosignal.Rd:13: Escaped LaTeX specials: \$
    checkRd: (-1) traitgram.Rd:14: Escaped LaTeX specials: \$
    checkRd: (-1) utility.Rd:37: Escaped LaTeX specials: \$ \$
Flavors: r-devel-linux-x86_64-debian-clang, r-devel-linux-x86_64-debian-gcc, r-devel-linux-x86_64-fedora-clang, r-devel-linux-x86_64-fedora-gcc, r-devel-windows-x86_64