CRAN Package Check Results for Package picante

Last updated on 2024-06-15 17:57:40 CEST.

Flavor Version Tinstall Tcheck Ttotal Status Flags
r-devel-linux-x86_64-debian-clang 1.8.2 11.45 113.69 125.14 NOTE
r-devel-linux-x86_64-debian-gcc 1.8.2 9.59 85.69 95.28 NOTE
r-devel-linux-x86_64-fedora-clang 1.8.2 158.60 NOTE
r-devel-linux-x86_64-fedora-gcc 1.8.2 162.58 NOTE
r-devel-windows-x86_64 1.8.2 14.00 123.00 137.00 NOTE
r-patched-linux-x86_64 1.8.2 12.64 111.21 123.85 NOTE
r-release-linux-x86_64 1.8.2 13.26 108.01 121.27 NOTE
r-release-macos-arm64 1.8.2 53.00 NOTE
r-release-macos-x86_64 1.8.2 125.00 NOTE
r-release-windows-x86_64 1.8.2 15.00 126.00 141.00 NOTE
r-oldrel-macos-arm64 1.8.2 58.00 NOTE
r-oldrel-macos-x86_64 1.8.2 89.00 NOTE
r-oldrel-windows-x86_64 1.8.2 19.00 139.00 158.00 NOTE

Check Details

Version: 1.8.2
Check: Rd files
Result: NOTE checkRd: (-1) IvesGodfray.Rd:12: Lost braces in \itemize; meant \describe ? checkRd: (-1) IvesGodfray.Rd:13: Lost braces in \itemize; meant \describe ? checkRd: (-1) IvesGodfray.Rd:14: Lost braces in \itemize; meant \describe ? checkRd: (-1) Kcalc.Rd:13: Escaped LaTeX specials: \$ checkRd: (-1) phylocom.Rd:12: Lost braces in \itemize; meant \describe ? checkRd: (-1) phylocom.Rd:13: Lost braces in \itemize; meant \describe ? checkRd: (-1) phylocom.Rd:14: Lost braces in \itemize; meant \describe ? checkRd: (-1) phylosignal.Rd:13: Escaped LaTeX specials: \$ checkRd: (-1) sample2matrix.Rd:15: Lost braces in \itemize; meant \describe ? checkRd: (-1) sample2matrix.Rd:16: Lost braces in \itemize; meant \describe ? checkRd: (-1) sample2matrix.Rd:17: Lost braces in \itemize; meant \describe ? checkRd: (-1) traitgram.Rd:14: Escaped LaTeX specials: \$ checkRd: (-1) utility.Rd:37: Escaped LaTeX specials: \$ \$ Flavors: r-devel-linux-x86_64-debian-clang, r-devel-linux-x86_64-debian-gcc, r-devel-linux-x86_64-fedora-clang, r-devel-linux-x86_64-fedora-gcc, r-devel-windows-x86_64, r-patched-linux-x86_64, r-release-linux-x86_64, r-release-macos-arm64, r-release-macos-x86_64, r-release-windows-x86_64

Version: 1.8.2
Check: Rd files
Result: NOTE checkRd: (-1) Kcalc.Rd:13: Escaped LaTeX specials: \$ checkRd: (-1) phylosignal.Rd:13: Escaped LaTeX specials: \$ checkRd: (-1) traitgram.Rd:14: Escaped LaTeX specials: \$ checkRd: (-1) utility.Rd:37: Escaped LaTeX specials: \$ \$ Flavors: r-oldrel-macos-arm64, r-oldrel-macos-x86_64, r-oldrel-windows-x86_64