Last updated on 2023-10-01 10:00:23 CEST.
Flavor | Version | Tinstall | Tcheck | Ttotal | Status | Flags |
---|---|---|---|---|---|---|
r-devel-linux-x86_64-debian-clang | 1.8.2 | 14.52 | 118.74 | 133.26 | NOTE | |
r-devel-linux-x86_64-debian-gcc | 1.8.2 | 13.38 | 87.56 | 100.94 | NOTE | |
r-devel-linux-x86_64-fedora-clang | 1.8.2 | 161.44 | NOTE | |||
r-devel-linux-x86_64-fedora-gcc | 1.8.2 | 179.05 | NOTE | |||
r-devel-windows-x86_64 | 1.8.2 | 14.00 | 129.00 | 143.00 | NOTE | |
r-patched-linux-x86_64 | 1.8.2 | 15.55 | 113.94 | 129.49 | NOTE | |
r-release-linux-x86_64 | 1.8.2 | 12.49 | 113.77 | 126.26 | NOTE | |
r-release-macos-arm64 | 1.8.2 | 58.00 | NOTE | |||
r-release-macos-x86_64 | 1.8.2 | 89.00 | NOTE | |||
r-release-windows-x86_64 | 1.8.2 | 19.00 | 141.00 | 160.00 | NOTE | |
r-oldrel-macos-arm64 | 1.8.2 | 53.00 | OK | |||
r-oldrel-macos-x86_64 | 1.8.2 | 67.00 | OK | |||
r-oldrel-windows-x86_64 | 1.8.2 | 19.00 | 138.00 | 157.00 | OK |
Version: 1.8.2
Check: Rd files
Result: NOTE
checkRd: (-1) Kcalc.Rd:13: Escaped LaTeX specials: \$
checkRd: (-1) phylosignal.Rd:13: Escaped LaTeX specials: \$
checkRd: (-1) traitgram.Rd:14: Escaped LaTeX specials: \$
checkRd: (-1) utility.Rd:37: Escaped LaTeX specials: \$ \$
Flavors: r-devel-linux-x86_64-debian-clang, r-devel-linux-x86_64-debian-gcc, r-devel-linux-x86_64-fedora-clang, r-devel-linux-x86_64-fedora-gcc, r-devel-windows-x86_64, r-patched-linux-x86_64, r-release-linux-x86_64, r-release-macos-arm64, r-release-macos-x86_64, r-release-windows-x86_64