CRAN Package Check Results for Package pid

Last updated on 2025-01-20 03:48:45 CET.

Flavor Version Tinstall Tcheck Ttotal Status Flags
r-devel-linux-x86_64-debian-clang 0.50 5.49 58.68 64.17 OK
r-devel-linux-x86_64-debian-gcc 0.50 4.06 42.29 46.35 OK
r-devel-linux-x86_64-fedora-clang 0.50 99.85 NOTE
r-devel-linux-x86_64-fedora-gcc 0.50 97.62 NOTE
r-devel-windows-x86_64 0.50 8.00 74.00 82.00 OK
r-patched-linux-x86_64 0.50 5.76 53.37 59.13 OK
r-release-linux-x86_64 0.50 5.49 53.87 59.36 OK
r-release-macos-arm64 0.50 29.00 OK
r-release-macos-x86_64 0.50 47.00 OK
r-release-windows-x86_64 0.50 7.00 81.00 88.00 OK
r-oldrel-macos-arm64 0.50 34.00 OK
r-oldrel-macos-x86_64 0.50 51.00 OK
r-oldrel-windows-x86_64 0.50 10.00 82.00 92.00 OK

Check Details

Version: 0.50
Check: dependencies in R code
Result: NOTE Namespace in Imports field not imported from: ‘FrF2.catlg128’ All declared Imports should be used. Flavors: r-devel-linux-x86_64-fedora-clang, r-devel-linux-x86_64-fedora-gcc