CRAN Package Check Results for Package pimeta

Last updated on 2020-04-02 11:48:13 CEST.

Flavor Version Tinstall Tcheck Ttotal Status Flags
r-devel-linux-x86_64-debian-clang 1.1.3 39.52 54.86 94.38 OK
r-devel-linux-x86_64-debian-gcc 1.1.3 31.78 40.16 71.94 OK
r-devel-linux-x86_64-fedora-clang 1.1.3 125.33 NOTE
r-devel-linux-x86_64-fedora-gcc 1.1.3 119.75 NOTE
r-devel-windows-ix86+x86_64 1.1.3 59.00 80.00 139.00 OK
r-devel-windows-ix86+x86_64-gcc8 1.1.3 77.00 91.00 168.00 OK
r-patched-linux-x86_64 1.1.3 37.44 52.47 89.91 OK
r-patched-solaris-x86 1.1.3 171.60 NOTE
r-release-linux-x86_64 1.1.3 35.49 49.51 85.00 OK
r-release-windows-ix86+x86_64 1.1.3 72.00 93.00 165.00 OK
r-release-osx-x86_64 1.1.3 NOTE
r-oldrel-windows-ix86+x86_64 1.1.3 66.00 97.00 163.00 OK
r-oldrel-osx-x86_64 1.1.3 NOTE

Check Details

Version: 1.1.3
Check: installed package size
Result: NOTE
     installed size is 11.3Mb
     sub-directories of 1Mb or more:
     libs 11.0Mb
Flavors: r-devel-linux-x86_64-fedora-clang, r-release-osx-x86_64, r-oldrel-osx-x86_64

Version: 1.1.3
Check: dependencies in R code
Result: NOTE
    Namespace in Imports field not imported from: ‘utils’
     All declared Imports should be used.
Flavors: r-devel-linux-x86_64-fedora-clang, r-devel-linux-x86_64-fedora-gcc, r-patched-solaris-x86, r-release-osx-x86_64, r-oldrel-osx-x86_64