CRAN Package Check Results for Package pinfsc50

Last updated on 2022-06-29 05:53:18 CEST.

Flavor Version Tinstall Tcheck Ttotal Status Flags
r-devel-linux-x86_64-debian-clang 1.2.0 1.69 19.11 20.80 NOTE
r-devel-linux-x86_64-debian-gcc 1.2.0 1.45 15.10 16.55 NOTE
r-devel-linux-x86_64-fedora-clang 1.2.0 37.46 NOTE
r-devel-linux-x86_64-fedora-gcc 1.2.0 36.43 NOTE
r-devel-windows-x86_64 1.2.0 11.00 40.00 51.00 NOTE
r-patched-linux-x86_64 1.2.0 2.34 18.60 20.94 NOTE
r-release-linux-x86_64 1.2.0 1.91 18.59 20.50 NOTE
r-release-macos-arm64 1.2.0 13.00 NOTE
r-release-macos-x86_64 1.2.0 19.00 NOTE
r-release-windows-x86_64 1.2.0 6.00 40.00 46.00 NOTE
r-oldrel-macos-arm64 1.2.0 20.00 NOTE
r-oldrel-macos-x86_64 1.2.0 25.00 NOTE
r-oldrel-windows-ix86+x86_64 1.2.0 6.00 24.00 30.00 NOTE

Check Details

Version: 1.2.0
Check: LazyData
Result: NOTE
     'LazyData' is specified without a 'data' directory
Flavors: r-devel-linux-x86_64-debian-clang, r-devel-linux-x86_64-debian-gcc, r-devel-linux-x86_64-fedora-clang, r-devel-linux-x86_64-fedora-gcc, r-devel-windows-x86_64, r-patched-linux-x86_64, r-release-linux-x86_64, r-release-macos-arm64, r-release-macos-x86_64, r-release-windows-x86_64, r-oldrel-macos-arm64, r-oldrel-macos-x86_64, r-oldrel-windows-ix86+x86_64