Last updated on 2025-04-30 10:49:30 CEST.
Flavor | Version | Tinstall | Tcheck | Ttotal | Status | Flags |
---|---|---|---|---|---|---|
r-devel-linux-x86_64-debian-clang | 0.2.2 | 7.59 | 121.43 | 129.02 | NOTE | |
r-devel-linux-x86_64-debian-gcc | 0.2.2 | 4.82 | 92.50 | 97.32 | NOTE | |
r-devel-linux-x86_64-fedora-clang | 0.2.2 | 204.40 | NOTE | |||
r-devel-linux-x86_64-fedora-gcc | 0.2.2 | 204.99 | NOTE | |||
r-devel-windows-x86_64 | 0.2.2 | 8.00 | 130.00 | 138.00 | NOTE | |
r-patched-linux-x86_64 | 0.2.2 | 7.53 | 116.47 | 124.00 | NOTE | |
r-release-linux-x86_64 | 0.2.2 | 6.62 | 114.55 | 121.17 | NOTE | |
r-release-macos-arm64 | 0.2.2 | 71.00 | NOTE | |||
r-release-macos-x86_64 | 0.2.2 | 142.00 | NOTE | |||
r-release-windows-x86_64 | 0.2.2 | 7.00 | 124.00 | 131.00 | NOTE | |
r-oldrel-macos-arm64 | 0.2.2 | 80.00 | OK | |||
r-oldrel-macos-x86_64 | 0.2.2 | 162.00 | OK | |||
r-oldrel-windows-x86_64 | 0.2.2 | 8.00 | 145.00 | 153.00 | OK |
Version: 0.2.2
Check: DESCRIPTION meta-information
Result: NOTE
Missing dependency on R >= 4.2.0 because package code uses the pipe
placeholder syntax added in R 4.2.0.
File(s) using such syntax:
‘pipeline.R’
Flavors: r-devel-linux-x86_64-debian-clang, r-devel-linux-x86_64-debian-gcc, r-devel-linux-x86_64-fedora-clang, r-devel-linux-x86_64-fedora-gcc, r-devel-windows-x86_64, r-patched-linux-x86_64, r-release-linux-x86_64, r-release-macos-arm64, r-release-macos-x86_64, r-release-windows-x86_64
Version: 0.2.2
Check: examples
Result: NOTE
Examples with CPU (user + system) or elapsed time > 5s
user system elapsed
Pipeline 3.179 0.09 7.031
Flavor: r-devel-linux-x86_64-debian-clang
Version: 0.2.2
Check: examples
Result: NOTE
Examples with CPU (user + system) or elapsed time > 5s
user system elapsed
Pipeline 1.935 0.204 5.288
Flavor: r-devel-linux-x86_64-debian-gcc