Last updated on 2022-05-23 16:54:04 CEST.
Flavor | Version | Tinstall | Tcheck | Ttotal | Status | Flags |
---|---|---|---|---|---|---|
r-devel-linux-x86_64-debian-clang | 1.0.0 | 41.67 | 69.67 | 111.34 | OK | |
r-devel-linux-x86_64-debian-gcc | 1.0.0 | 32.64 | 52.04 | 84.68 | OK | |
r-devel-linux-x86_64-fedora-clang | 1.0.0 | 139.89 | NOTE | |||
r-devel-linux-x86_64-fedora-gcc | 1.0.0 | 121.61 | NOTE | |||
r-devel-windows-x86_64 | 1.0.0 | 34.00 | 102.00 | 136.00 | OK | |
r-patched-linux-x86_64 | 1.0.0 | 33.37 | 64.90 | 98.27 | OK | |
r-release-linux-x86_64 | 1.0.0 | OK | ||||
r-release-macos-arm64 | 1.0.0 | 38.00 | OK | |||
r-release-macos-x86_64 | 1.0.0 | 61.00 | OK | |||
r-release-windows-x86_64 | 1.0.0 | 35.00 | 103.00 | 138.00 | OK | |
r-oldrel-macos-arm64 | 1.0.0 | 44.00 | OK | |||
r-oldrel-macos-x86_64 | 1.0.0 | 59.00 | OK | |||
r-oldrel-windows-ix86+x86_64 | 1.0.0 | 97.00 | 116.00 | 213.00 | OK |
Version: 1.0.0
Check: compiled code
Result: NOTE
File ‘pirate/libs/pirate.so’:
Found no calls to: ‘R_registerRoutines’, ‘R_useDynamicSymbols’
It is good practice to register native routines and to disable symbol
search.
See ‘Writing portable packages’ in the ‘Writing R Extensions’ manual.
Flavors: r-devel-linux-x86_64-fedora-clang, r-devel-linux-x86_64-fedora-gcc