CRAN Package Check Results for Package piratings

Last updated on 2020-03-30 09:51:36 CEST.

Flavor Version Tinstall Tcheck Ttotal Status Flags
r-devel-linux-x86_64-debian-clang 0.1.9 2.34 69.28 71.62 OK
r-devel-linux-x86_64-debian-gcc 0.1.9 2.00 47.07 49.07 OK
r-devel-linux-x86_64-fedora-clang 0.1.9 83.34 NOTE
r-devel-linux-x86_64-fedora-gcc 0.1.9 76.66 NOTE
r-devel-windows-ix86+x86_64 0.1.9 11.00 60.00 71.00 OK
r-devel-windows-ix86+x86_64-gcc8 0.1.9 7.00 69.00 76.00 OK
r-patched-linux-x86_64 0.1.9 2.25 66.21 68.46 OK
r-patched-solaris-x86 0.1.9 116.90 NOTE
r-release-linux-x86_64 0.1.9 1.92 55.36 57.28 OK
r-release-windows-ix86+x86_64 0.1.9 9.00 97.00 106.00 OK
r-release-osx-x86_64 0.1.9 NOTE
r-oldrel-windows-ix86+x86_64 0.1.9 5.00 85.00 90.00 OK
r-oldrel-osx-x86_64 0.1.9 NOTE

Check Details

Version: 0.1.9
Check: dependencies in R code
Result: NOTE
    Namespace in Imports field not imported from: ‘ggplot2’
     All declared Imports should be used.
Flavors: r-devel-linux-x86_64-fedora-clang, r-devel-linux-x86_64-fedora-gcc, r-patched-solaris-x86, r-release-osx-x86_64, r-oldrel-osx-x86_64