CRAN Package Check Results for Package piratings

Last updated on 2020-09-21 11:55:42 CEST.

Flavor Version Tinstall Tcheck Ttotal Status Flags
r-devel-linux-x86_64-debian-clang 0.1.9 2.44 63.48 65.92 OK
r-devel-linux-x86_64-debian-gcc 0.1.9 1.91 45.65 47.56 OK
r-devel-linux-x86_64-fedora-clang 0.1.9 98.12 NOTE
r-devel-linux-x86_64-fedora-gcc 0.1.9 77.66 NOTE
r-devel-windows-ix86+x86_64 0.1.9 7.00 68.00 75.00 OK
r-patched-linux-x86_64 0.1.9 2.26 62.13 64.39 OK
r-patched-solaris-x86 0.1.9 109.10 NOTE
r-release-linux-x86_64 0.1.9 2.39 60.58 62.97 OK
r-release-macos-x86_64 0.1.9 NOTE
r-release-windows-ix86+x86_64 0.1.9 6.00 84.00 90.00 OK
r-oldrel-macos-x86_64 0.1.9 NOTE
r-oldrel-windows-ix86+x86_64 0.1.9 3.00 77.00 80.00 OK

Check Details

Version: 0.1.9
Check: dependencies in R code
Result: NOTE
    Namespace in Imports field not imported from: ‘ggplot2’
     All declared Imports should be used.
Flavors: r-devel-linux-x86_64-fedora-clang, r-devel-linux-x86_64-fedora-gcc, r-patched-solaris-x86, r-release-macos-x86_64, r-oldrel-macos-x86_64