CRAN Package Check Results for Package piton

Last updated on 2021-10-25 10:54:31 CEST.

Flavor Version Tinstall Tcheck Ttotal Status Flags
r-devel-linux-x86_64-debian-clang 1.0.0 17.27 25.70 42.97 NOTE
r-devel-linux-x86_64-debian-gcc 1.0.0 13.11 20.64 33.75 NOTE
r-devel-linux-x86_64-fedora-clang 1.0.0 74.11 NOTE
r-devel-linux-x86_64-fedora-gcc 1.0.0 56.63 NOTE
r-devel-windows-x86_64 1.0.0 28.00 55.00 83.00 NOTE
r-devel-windows-x86_64-gcc10-UCRT 1.0.0 NOTE
r-patched-linux-x86_64 1.0.0 16.27 25.37 41.64 NOTE
r-patched-solaris-x86 1.0.0 72.40 NOTE
r-release-linux-x86_64 1.0.0 15.79 25.75 41.54 NOTE
r-release-macos-arm64 1.0.0 NOTE
r-release-macos-x86_64 1.0.0 NOTE
r-release-windows-ix86+x86_64 1.0.0 41.00 75.00 116.00 NOTE
r-oldrel-macos-x86_64 1.0.0 OK
r-oldrel-windows-ix86+x86_64 1.0.0 53.00 76.00 129.00 OK

Check Details

Version: 1.0.0
Check: LazyData
Result: NOTE
     'LazyData' is specified without a 'data' directory
Flavors: r-devel-linux-x86_64-debian-clang, r-devel-linux-x86_64-debian-gcc, r-devel-linux-x86_64-fedora-clang, r-devel-linux-x86_64-fedora-gcc, r-devel-windows-x86_64, r-devel-windows-x86_64-gcc10-UCRT, r-patched-linux-x86_64, r-patched-solaris-x86, r-release-linux-x86_64, r-release-macos-arm64, r-release-macos-x86_64, r-release-windows-ix86+x86_64