Last updated on 2023-06-09 01:51:34 CEST.
Flavor | Version | Tinstall | Tcheck | Ttotal | Status | Flags |
---|---|---|---|---|---|---|
r-devel-linux-x86_64-debian-clang | 1.0.0 | 19.98 | 27.96 | 47.94 | NOTE | |
r-devel-linux-x86_64-debian-gcc | 1.0.0 | 14.24 | 22.13 | 36.37 | NOTE | |
r-devel-linux-x86_64-fedora-clang | 1.0.0 | 69.36 | NOTE | |||
r-devel-linux-x86_64-fedora-gcc | 1.0.0 | 63.50 | NOTE | |||
r-devel-windows-x86_64 | 1.0.0 | 23.00 | 64.00 | 87.00 | NOTE | |
r-patched-linux-x86_64 | 1.0.0 | 15.67 | 27.20 | 42.87 | NOTE | |
r-release-linux-x86_64 | 1.0.0 | 14.78 | 27.19 | 41.97 | NOTE | |
r-release-macos-arm64 | 1.0.0 | 25.00 | NOTE | |||
r-release-macos-x86_64 | 1.0.0 | 35.00 | NOTE | |||
r-release-windows-x86_64 | 1.0.0 | 20.00 | 66.00 | 86.00 | NOTE | |
r-oldrel-macos-arm64 | 1.0.0 | 27.00 | NOTE | |||
r-oldrel-macos-x86_64 | 1.0.0 | 31.00 | NOTE | |||
r-oldrel-windows-x86_64 | 1.0.0 | 25.00 | 69.00 | 94.00 | NOTE |
Version: 1.0.0
Check: C++ specification
Result: NOTE
Specified C++11: please drop specification unless essential
Flavors: r-devel-linux-x86_64-debian-clang, r-devel-linux-x86_64-debian-gcc, r-devel-linux-x86_64-fedora-clang, r-devel-linux-x86_64-fedora-gcc, r-devel-windows-x86_64, r-patched-linux-x86_64, r-release-linux-x86_64, r-release-macos-arm64, r-release-macos-x86_64, r-release-windows-x86_64
Version: 1.0.0
Check: LazyData
Result: NOTE
'LazyData' is specified without a 'data' directory
Flavors: r-devel-linux-x86_64-debian-clang, r-devel-linux-x86_64-debian-gcc, r-devel-linux-x86_64-fedora-clang, r-devel-linux-x86_64-fedora-gcc, r-devel-windows-x86_64, r-patched-linux-x86_64, r-release-linux-x86_64, r-release-macos-arm64, r-release-macos-x86_64, r-release-windows-x86_64, r-oldrel-macos-arm64, r-oldrel-macos-x86_64, r-oldrel-windows-x86_64