CRAN Package Check Results for Package pixiedust

Last updated on 2021-12-03 16:50:35 CET.

Flavor Version Tinstall Tcheck Ttotal Status Flags
r-devel-linux-x86_64-debian-clang 0.9.1 9.10 86.89 95.99 NOTE
r-devel-linux-x86_64-debian-gcc 0.9.1 6.94 64.30 71.24 NOTE
r-devel-linux-x86_64-fedora-clang 0.9.1 124.21 NOTE
r-devel-linux-x86_64-fedora-gcc 0.9.1 111.61 NOTE
r-devel-windows-x86_64-new-UL 0.9.1 25.00 135.00 160.00 NOTE
r-devel-windows-x86_64-new-TK 0.9.1 NOTE
r-devel-windows-x86_64-old 0.9.1 14.00 89.00 103.00 NOTE
r-patched-linux-x86_64 0.9.1 8.98 84.24 93.22 NOTE
r-release-linux-x86_64 0.9.1 7.52 84.49 92.01 NOTE
r-release-macos-arm64 0.9.1 NOTE
r-release-macos-x86_64 0.9.1 NOTE
r-release-windows-ix86+x86_64 0.9.1 15.00 119.00 134.00 NOTE
r-oldrel-macos-x86_64 0.9.1 OK
r-oldrel-windows-ix86+x86_64 0.9.1 14.00 108.00 122.00 OK

Check Details

Version: 0.9.1
Check: LazyData
Result: NOTE
     'LazyData' is specified without a 'data' directory
Flavors: r-devel-linux-x86_64-debian-clang, r-devel-linux-x86_64-debian-gcc, r-devel-linux-x86_64-fedora-clang, r-devel-linux-x86_64-fedora-gcc, r-devel-windows-x86_64-new-UL, r-devel-windows-x86_64-new-TK, r-devel-windows-x86_64-old, r-patched-linux-x86_64, r-release-linux-x86_64, r-release-macos-arm64, r-release-macos-x86_64, r-release-windows-ix86+x86_64

Version: 0.9.1
Check: Rd cross-references
Result: NOTE
    Undeclared package ‘Hmisc’ in Rd xrefs
Flavor: r-devel-linux-x86_64-fedora-clang