CRAN Package Check Results for Package pkgKitten

Last updated on 2021-09-23 15:51:03 CEST.

Flavor Version Tinstall Tcheck Ttotal Status Flags
r-devel-linux-x86_64-debian-clang 0.2.2 1.88 48.31 50.19 OK
r-devel-linux-x86_64-debian-gcc 0.2.2 1.58 38.11 39.69 OK
r-devel-linux-x86_64-fedora-clang 0.2.2 69.61 OK
r-devel-linux-x86_64-fedora-gcc 0.2.2 58.78 OK
r-devel-windows-x86_64 0.2.2 3.00 63.00 66.00 OK
r-devel-windows-x86_64-gcc10-UCRT 0.2.2 ERROR
r-patched-linux-x86_64 0.2.2 2.00 46.85 48.85 OK
r-patched-solaris-x86 0.2.2 93.60 OK
r-release-linux-x86_64 0.2.2 1.85 47.08 48.93 OK
r-release-macos-arm64 0.2.2 OK
r-release-macos-x86_64 0.2.2 OK
r-release-windows-ix86+x86_64 0.2.2 5.00 60.00 65.00 OK
r-oldrel-macos-x86_64 0.2.2 OK
r-oldrel-windows-ix86+x86_64 0.2.2 16.00 60.00 76.00 OK

Check Details

Version: 0.2.2
Check: package dependencies
Result: NOTE
    Package suggested but not available for checking: 'roxygen2'
Flavor: r-devel-windows-x86_64-gcc10-UCRT

Version: 0.2.2
Check: PDF version of manual
Result: WARN
    LaTeX errors when creating PDF version.
    This typically indicates Rd problems.
Flavor: r-devel-windows-x86_64-gcc10-UCRT

Version: 0.2.2
Check: PDF version of manual without hyperrefs or index
Result: ERROR
    Re-running with no redirection of stdout/stderr.
Flavor: r-devel-windows-x86_64-gcc10-UCRT