CRAN Package Check Results for Package pkgdown

Last updated on 2021-01-26 23:48:10 CET.

Flavor Version Tinstall Tcheck Ttotal Status Flags
r-devel-linux-x86_64-debian-clang 1.6.1 7.38 81.08 88.46 OK
r-devel-linux-x86_64-debian-gcc 1.6.1 5.67 61.13 66.80 OK
r-devel-linux-x86_64-fedora-clang 1.6.1 111.01 NOTE
r-devel-linux-x86_64-fedora-gcc 1.6.1 101.05 OK
r-devel-windows-ix86+x86_64 1.6.1 13.00 128.00 141.00 OK
r-patched-linux-x86_64 1.6.1 6.46 77.14 83.60 OK
r-patched-solaris-x86 1.6.1 115.30 OK
r-release-linux-x86_64 1.6.1 6.87 76.61 83.48 OK
r-release-macos-x86_64 1.6.1 OK
r-release-windows-ix86+x86_64 1.6.1 14.00 90.00 104.00 OK
r-oldrel-macos-x86_64 1.6.1 OK
r-oldrel-windows-ix86+x86_64 1.6.1 9.00 116.00 125.00 OK

Check Details

Version: 1.6.1
Check: Rd cross-references
Result: NOTE
    Undeclared package ‘usethis’ in Rd xrefs
Flavor: r-devel-linux-x86_64-fedora-clang