Last updated on 2023-12-04 12:50:29 CET.
Flavor | Version | Tinstall | Tcheck | Ttotal | Status | Flags |
---|---|---|---|---|---|---|
r-devel-linux-x86_64-debian-clang | 0.2.3 | 11.73 | 160.03 | 171.76 | NOTE | |
r-devel-linux-x86_64-debian-gcc | 0.2.3 | 11.40 | 121.12 | 132.52 | NOTE | |
r-devel-linux-x86_64-fedora-clang | 0.2.3 | 211.23 | NOTE | |||
r-devel-linux-x86_64-fedora-gcc | 0.2.3 | 216.91 | NOTE | |||
r-devel-windows-x86_64 | 0.2.3 | 12.00 | 132.00 | 144.00 | NOTE | |
r-patched-linux-x86_64 | 0.2.3 | 11.32 | 158.50 | 169.82 | NOTE | |
r-release-linux-x86_64 | 0.2.3 | 8.45 | 157.64 | 166.09 | NOTE | |
r-release-macos-arm64 | 0.2.3 | 71.00 | NOTE | |||
r-release-macos-x86_64 | 0.2.3 | 115.00 | NOTE | |||
r-release-windows-x86_64 | 0.2.3 | 16.00 | 161.00 | 177.00 | NOTE | |
r-oldrel-macos-arm64 | 0.2.3 | 65.00 | OK | |||
r-oldrel-macos-x86_64 | 0.2.3 | 125.00 | OK | |||
r-oldrel-windows-x86_64 | 0.2.3 | 18.00 | 169.00 | 187.00 | OK |
Version: 0.2.3
Check: package subdirectories
Result: NOTE
Problems with news in ‘NEWS.md’:
No news entries found.
Flavors: r-devel-linux-x86_64-debian-clang, r-devel-linux-x86_64-debian-gcc, r-devel-linux-x86_64-fedora-clang, r-devel-linux-x86_64-fedora-gcc, r-devel-windows-x86_64, r-patched-linux-x86_64, r-release-linux-x86_64, r-release-macos-arm64, r-release-macos-x86_64, r-release-windows-x86_64