Last updated on 2023-01-27 02:57:28 CET.
Flavor | Version | Tinstall | Tcheck | Ttotal | Status | Flags |
---|---|---|---|---|---|---|
r-devel-linux-x86_64-debian-clang | 1.3.2 | 6.85 | 129.16 | 136.01 | OK | |
r-devel-linux-x86_64-debian-gcc | 1.3.2 | 4.90 | 93.91 | 98.81 | OK | |
r-devel-linux-x86_64-fedora-clang | 1.3.2 | 175.46 | OK | |||
r-devel-linux-x86_64-fedora-gcc | 1.3.2 | 271.11 | OK | |||
r-patched-linux-x86_64 | 1.3.2 | 4.86 | 120.44 | 125.30 | OK | |
r-release-linux-x86_64 | 1.3.2 | 5.51 | 120.33 | 125.84 | OK | |
r-release-macos-arm64 | 1.3.2 | 120.00 | OK | |||
r-release-macos-x86_64 | 1.3.2 | 179.00 | OK | |||
r-release-windows-x86_64 | 1.3.2 | 122.00 | 182.00 | 304.00 | OK | |
r-oldrel-macos-arm64 | 1.3.2 | 128.00 | OK | |||
r-oldrel-macos-x86_64 | 1.3.2 | 157.00 | OK | |||
r-oldrel-windows-ix86+x86_64 | 1.3.2 | 15.00 | 181.00 | 196.00 | WARN |
Version: 1.3.2
Check: for unstated dependencies in ‘tests’
Result: WARN
Warning: unable to access index for repository https://bioconductor.org/packages/3.14/bioc/src/contrib:
cannot open URL 'https://bioconductor.org/packages/3.14/bioc/src/contrib/PACKAGES'
Warning: unable to access index for repository https://bioconductor.org/packages/3.14/data/annotation/src/contrib:
cannot open URL 'https://bioconductor.org/packages/3.14/data/annotation/src/contrib/PACKAGES'
Warning: unable to access index for repository https://bioconductor.org/packages/3.14/data/experiment/src/contrib:
cannot open URL 'https://bioconductor.org/packages/3.14/data/experiment/src/contrib/PACKAGES'
Flavor: r-oldrel-windows-ix86+x86_64