CRAN Package Check Results for Package pkgndep

Last updated on 2022-07-04 22:59:19 CEST.

Flavor Version Tinstall Tcheck Ttotal Status Flags
r-devel-linux-x86_64-debian-clang 1.1.4 11.26 367.41 378.67 OK
r-devel-linux-x86_64-debian-gcc 1.1.4 11.99 277.43 289.42 OK
r-devel-linux-x86_64-fedora-clang 1.1.4 450.16 OK
r-devel-linux-x86_64-fedora-gcc 1.1.4 456.62 OK
r-devel-windows-x86_64 1.1.4 1585.00 603.00 2188.00 OK
r-patched-linux-x86_64 1.1.4 16.11 400.17 416.28 OK
r-release-linux-x86_64 1.1.4 16.05 397.42 413.47 OK
r-release-macos-arm64 1.1.4 203.00 OK
r-release-macos-x86_64 1.1.4 260.00 ERROR
r-release-windows-x86_64 1.1.4 1533.00 687.00 2220.00 OK
r-oldrel-macos-arm64 1.1.4 239.00 ERROR
r-oldrel-macos-x86_64 1.1.4 290.00 ERROR
r-oldrel-windows-ix86+x86_64 1.1.4 154.00 655.00 809.00 ERROR

Check Details

Version: 1.1.4
Check: tests
Result: ERROR
     Running ‘test-all.R’ [27s/33s]
    Running the tests in ‘tests/test-all.R’ failed.
    Last 13 lines of output:
     • empty test (1)
    
     ══ Failed tests ════════════════════════════════════════════════════════════════
     ── Failure (test_pkgndep.R:44:3): parent_dependency ────────────────────────────
     `x` not identical to `expected`.
     Lengths differ: 12 is not 13
     Backtrace:
     ▆
     1. └─testthat::expect_that(...) at test_pkgndep.R:44:16
     2. └─testthat (local) condition(object)
     3. └─testthat::expect_identical(x, expected, expected.label = label)
    
     [ FAIL 1 | WARN 0 | SKIP 1 | PASS 6 ]
     Error: Test failures
     Execution halted
Flavor: r-release-macos-x86_64

Version: 1.1.4
Check: tests
Result: ERROR
     Running ‘test-all.R’ [21s/29s]
    Running the tests in ‘tests/test-all.R’ failed.
    Last 13 lines of output:
     1. └─testthat::expect_that(...) at test_pkgndep.R:44:16
     2. └─testthat (local) condition(object)
     3. └─testthat::expect_identical(x, expected, expected.label = label)
     ── Failure (test_pkgndep.R:45:3): parent_dependency ────────────────────────────
     `x` not identical to `expected`.
     Lengths differ: 17 is not 19
     Backtrace:
     ▆
     1. └─testthat::expect_that(...) at test_pkgndep.R:45:16
     2. └─testthat (local) condition(object)
     3. └─testthat::expect_identical(x, expected, expected.label = label)
    
     [ FAIL 2 | WARN 0 | SKIP 1 | PASS 5 ]
     Error: Test failures
     Execution halted
Flavor: r-oldrel-macos-arm64

Version: 1.1.4
Check: tests
Result: ERROR
     Running ‘test-all.R’ [27s/32s]
    Running the tests in ‘tests/test-all.R’ failed.
    Last 13 lines of output:
     1. └─testthat::expect_that(...) at test_pkgndep.R:44:16
     2. └─testthat (local) condition(object)
     3. └─testthat::expect_identical(x, expected, expected.label = label)
     ── Failure (test_pkgndep.R:45:3): parent_dependency ────────────────────────────
     `x` not identical to `expected`.
     Lengths differ: 17 is not 19
     Backtrace:
     ▆
     1. └─testthat::expect_that(...) at test_pkgndep.R:45:16
     2. └─testthat (local) condition(object)
     3. └─testthat::expect_identical(x, expected, expected.label = label)
    
     [ FAIL 2 | WARN 0 | SKIP 1 | PASS 5 ]
     Error: Test failures
     Execution halted
Flavor: r-oldrel-macos-x86_64

Version: 1.1.4
Check: tests
Result: ERROR
     Running 'test-all.R' [65s]
    Running the tests in 'tests/test-all.R' failed.
    Complete output:
     > library(testthat)
     > suppressWarnings(suppressPackageStartupMessages(library(pkgndep)))
     >
     > test_check("pkgndep")
     prepare dependency table...
     prepare reverse dependency table...
     prepare dependency table...
     prepare reverse dependency table...
     retrieve package database from CRAN/Bioconductor(3.14)...
     - 21523 remote packages on CRAN/Bioconductor.
     - 125 packages installed locally.
     prepare dependency table...
     prepare reverse dependency table...
     [ FAIL 1 | WARN 0 | SKIP 1 | PASS 6 ]
    
     == Skipped tests ===============================================================
     * empty test (1)
    
     == Failed tests ================================================================
     -- Failure (test_pkgndep.R:44:3): parent_dependency ----------------------------
     `x` not identical to `expected`.
     Lengths differ: 12 is not 13
     Backtrace:
     x
     1. \-testthat::expect_that(...) at test_pkgndep.R:44:16
     2. \-testthat (local) condition(object)
     3. \-testthat::expect_identical(x, expected, expected.label = label)
    
     [ FAIL 1 | WARN 0 | SKIP 1 | PASS 6 ]
     Error: Test failures
     Execution halted
Flavor: r-oldrel-windows-ix86+x86_64