CRAN Package Check Results for Package pkgnews

Last updated on 2021-05-05 23:48:45 CEST.

Flavor Version Tinstall Tcheck Ttotal Status Flags
r-devel-linux-x86_64-debian-clang 0.0.2 1.91 25.15 27.06 NOTE
r-devel-linux-x86_64-debian-gcc 0.0.2 1.44 20.01 21.45 NOTE
r-devel-linux-x86_64-fedora-clang 0.0.2 43.20 NOTE
r-devel-linux-x86_64-fedora-gcc 0.0.2 30.34 NOTE
r-devel-windows-ix86+x86_64 0.0.2 4.00 46.00 50.00 NOTE
r-devel-windows-x86_64-gcc10-UCRT 0.0.2 NOTE
r-patched-linux-x86_64 0.0.2 1.65 24.79 26.44 NOTE
r-patched-solaris-x86 0.0.2 44.90 OK
r-release-linux-x86_64 0.0.2 1.92 24.49 26.41 OK
r-release-macos-x86_64 0.0.2 OK
r-release-windows-ix86+x86_64 0.0.2 3.00 41.00 44.00 OK
r-oldrel-macos-x86_64 0.0.2 OK
r-oldrel-windows-ix86+x86_64 0.0.2 4.00 48.00 52.00 OK

Check Details

Version: 0.0.2
Check: LazyData
Result: NOTE
     'LazyData' is specified without a 'data' directory
Flavors: r-devel-linux-x86_64-debian-clang, r-devel-linux-x86_64-debian-gcc, r-devel-linux-x86_64-fedora-clang, r-devel-linux-x86_64-fedora-gcc, r-devel-windows-ix86+x86_64, r-devel-windows-x86_64-gcc10-UCRT, r-patched-linux-x86_64