CRAN Package Check Results for Package pkr

Last updated on 2019-07-17 18:48:08 CEST.

Flavor Version Tinstall Tcheck Ttotal Status Flags
r-devel-linux-x86_64-debian-clang 0.1.2 5.06 43.37 48.43 NOTE
r-devel-linux-x86_64-debian-gcc 0.1.2 3.83 34.01 37.84 NOTE
r-devel-linux-x86_64-fedora-clang 0.1.2 58.43 NOTE
r-devel-linux-x86_64-fedora-gcc 0.1.2 56.58 NOTE
r-devel-windows-ix86+x86_64 0.1.2 13.00 58.00 71.00 OK
r-patched-linux-x86_64 0.1.2 4.72 43.33 48.05 OK
r-patched-solaris-x86 0.1.2 79.30 OK
r-release-linux-x86_64 0.1.2 5.51 43.16 48.67 OK
r-release-windows-ix86+x86_64 0.1.2 9.00 91.00 100.00 OK
r-release-osx-x86_64 0.1.2 OK
r-oldrel-windows-ix86+x86_64 0.1.2 7.00 79.00 86.00 OK
r-oldrel-osx-x86_64 0.1.2 OK

Check Details

Version: 0.1.2
Check: for non-standard things in the check directory
Result: NOTE
    Found the following files/directories:
     'Indometh_Bolus_Linear_CoreOutput.txt'
     'Indometh_Bolus_Log_CoreOutput.txt'
     'Indometh_Infusion_Linear_CoreOutput.txt'
     'Indometh_Infusion_Log_CoreOutput.txt' 'Output'
     'Theoph_Linear_CoreOutput.txt' 'Theoph_Log_CoreOutput.txt'
Flavors: r-devel-linux-x86_64-debian-clang, r-devel-linux-x86_64-debian-gcc, r-devel-linux-x86_64-fedora-clang, r-devel-linux-x86_64-fedora-gcc