CRAN Package Check Results for Package pkr

Last updated on 2019-10-18 18:47:59 CEST.

Flavor Version Tinstall Tcheck Ttotal Status Flags
r-devel-linux-x86_64-debian-clang 0.1.2 6.34 43.31 49.65 NOTE
r-devel-linux-x86_64-debian-gcc 0.1.2 4.84 33.54 38.38 NOTE
r-devel-linux-x86_64-fedora-clang 0.1.2 58.74 NOTE
r-devel-linux-x86_64-fedora-gcc 0.1.2 57.22 NOTE
r-devel-windows-ix86+x86_64 0.1.2 14.00 57.00 71.00 OK
r-patched-linux-x86_64 0.1.2 4.48 42.11 46.59 OK
r-patched-solaris-x86 0.1.2 76.10 OK
r-release-linux-x86_64 0.1.2 5.97 43.52 49.49 OK
r-release-windows-ix86+x86_64 0.1.2 9.00 79.00 88.00 OK
r-release-osx-x86_64 0.1.2 OK
r-oldrel-windows-ix86+x86_64 0.1.2 6.00 51.00 57.00 OK
r-oldrel-osx-x86_64 0.1.2 OK

Check Details

Version: 0.1.2
Check: for non-standard things in the check directory
Result: NOTE
    Found the following files/directories:
     'Indometh_Bolus_Linear_CoreOutput.txt'
     'Indometh_Bolus_Log_CoreOutput.txt'
     'Indometh_Infusion_Linear_CoreOutput.txt'
     'Indometh_Infusion_Log_CoreOutput.txt' 'Output'
     'Theoph_Linear_CoreOutput.txt' 'Theoph_Log_CoreOutput.txt'
Flavors: r-devel-linux-x86_64-debian-clang, r-devel-linux-x86_64-debian-gcc, r-devel-linux-x86_64-fedora-clang, r-devel-linux-x86_64-fedora-gcc