CRAN Package Check Results for Package plac

Last updated on 2021-08-04 02:50:09 CEST.

Flavor Version Tinstall Tcheck Ttotal Status Flags
r-devel-linux-x86_64-debian-clang 0.1.1 111.28 72.93 184.21 NOTE
r-devel-linux-x86_64-debian-gcc 0.1.1 86.66 59.45 146.11 NOTE
r-devel-linux-x86_64-fedora-clang 0.1.1 254.58 NOTE
r-devel-linux-x86_64-fedora-gcc 0.1.1 244.56 NOTE
r-devel-windows-x86_64 0.1.1 78.00 104.00 182.00 NOTE
r-devel-windows-x86_64-gcc10-UCRT 0.1.1 NOTE
r-patched-linux-x86_64 0.1.1 99.40 73.70 173.10 NOTE
r-patched-solaris-x86 0.1.1 240.70 NOTE
r-release-linux-x86_64 0.1.1 97.34 74.19 171.53 NOTE
r-release-macos-arm64 0.1.1 NOTE
r-release-macos-x86_64 0.1.1 NOTE
r-release-windows-ix86+x86_64 0.1.1 214.00 108.00 322.00 NOTE
r-oldrel-macos-x86_64 0.1.1 NOTE
r-oldrel-windows-ix86+x86_64 0.1.1 156.00 138.00 294.00 OK

Check Details

Version: 0.1.1
Check: LazyData
Result: NOTE
     'LazyData' is specified without a 'data' directory
Flavors: r-devel-linux-x86_64-debian-clang, r-devel-linux-x86_64-debian-gcc, r-devel-linux-x86_64-fedora-clang, r-devel-linux-x86_64-fedora-gcc, r-devel-windows-x86_64, r-devel-windows-x86_64-gcc10-UCRT, r-patched-linux-x86_64, r-patched-solaris-x86, r-release-linux-x86_64, r-release-macos-arm64, r-release-macos-x86_64, r-release-windows-ix86+x86_64

Version: 0.1.1
Check: installed package size
Result: NOTE
     installed size is 24.3Mb
     sub-directories of 1Mb or more:
     libs 24.2Mb
Flavors: r-devel-linux-x86_64-fedora-clang, r-release-macos-arm64, r-release-macos-x86_64, r-oldrel-macos-x86_64

Version: 0.1.1
Check: compiled code
Result: NOTE
    File ‘plac/libs/plac.so’:
     Found no calls to: ‘R_registerRoutines’, ‘R_useDynamicSymbols’
    
    It is good practice to register native routines and to disable symbol
    search.
    
    See ‘Writing portable packages’ in the ‘Writing R Extensions’ manual.
Flavors: r-devel-linux-x86_64-fedora-clang, r-devel-linux-x86_64-fedora-gcc