CRAN Package Check Results for Package plantecowrap

Last updated on 2024-06-14 05:00:29 CEST.

Flavor Version Tinstall Tcheck Ttotal Status Flags
r-devel-linux-x86_64-debian-clang 1.0.4 7.99 189.96 197.95 NOTE
r-devel-linux-x86_64-debian-gcc 1.0.4 0.46 1.74 2.20 ERROR
r-devel-linux-x86_64-fedora-clang 1.0.4 235.31 NOTE
r-devel-linux-x86_64-fedora-gcc 1.0.4 235.33 NOTE
r-devel-windows-x86_64 1.0.4 7.00 136.00 143.00 NOTE
r-patched-linux-x86_64 1.0.4 7.29 177.62 184.91 NOTE
r-release-linux-x86_64 1.0.4 4.36 181.96 186.32 NOTE
r-release-macos-arm64 1.0.4 63.00 NOTE
r-release-macos-x86_64 1.0.4 100.00 NOTE
r-release-windows-x86_64 1.0.4 6.00 135.00 141.00 NOTE
r-oldrel-macos-arm64 1.0.4 64.00 NOTE
r-oldrel-macos-x86_64 1.0.4 107.00 NOTE
r-oldrel-windows-x86_64 1.0.4 8.00 166.00 174.00 NOTE

Check Details

Version: 1.0.4
Check: LazyData
Result: NOTE 'LazyData' is specified without a 'data' directory Flavors: r-devel-linux-x86_64-debian-clang, r-devel-linux-x86_64-fedora-clang, r-devel-linux-x86_64-fedora-gcc, r-devel-windows-x86_64, r-patched-linux-x86_64, r-release-linux-x86_64, r-release-macos-arm64, r-release-macos-x86_64, r-release-windows-x86_64, r-oldrel-macos-arm64, r-oldrel-macos-x86_64, r-oldrel-windows-x86_64

Version: 1.0.4
Check: package dependencies
Result: ERROR Packages required but not available: 'ggplot2', 'tidyr' Package suggested but not available for checking: ‘testthat’ See section ‘The DESCRIPTION file’ in the ‘Writing R Extensions’ manual. Flavor: r-devel-linux-x86_64-debian-gcc