CRAN Package Check Results for Package plantecowrap

Last updated on 2021-10-17 20:49:12 CEST.

Flavor Version Tinstall Tcheck Ttotal Status Flags
r-devel-linux-x86_64-debian-clang 1.0.4 6.24 172.12 178.36 NOTE
r-devel-linux-x86_64-debian-gcc 1.0.4 4.58 119.58 124.16 NOTE
r-devel-linux-x86_64-fedora-clang 1.0.4 209.62 NOTE
r-devel-linux-x86_64-fedora-gcc 1.0.4 198.12 NOTE
r-devel-windows-x86_64 1.0.4 12.00 222.00 234.00 NOTE
r-devel-windows-x86_64-gcc10-UCRT 1.0.4 NOTE
r-patched-linux-x86_64 1.0.4 4.83 162.53 167.36 NOTE
r-patched-solaris-x86 1.0.4 249.00 NOTE
r-release-linux-x86_64 1.0.4 5.10 160.61 165.71 NOTE
r-release-macos-arm64 1.0.4 NOTE
r-release-macos-x86_64 1.0.4 NOTE
r-release-windows-ix86+x86_64 1.0.4 25.00 205.00 230.00 NOTE
r-oldrel-macos-x86_64 1.0.4 OK
r-oldrel-windows-ix86+x86_64 1.0.4 15.00 211.00 226.00 OK

Check Details

Version: 1.0.4
Check: LazyData
Result: NOTE
     'LazyData' is specified without a 'data' directory
Flavors: r-devel-linux-x86_64-debian-clang, r-devel-linux-x86_64-debian-gcc, r-devel-linux-x86_64-fedora-clang, r-devel-linux-x86_64-fedora-gcc, r-devel-windows-x86_64, r-devel-windows-x86_64-gcc10-UCRT, r-patched-linux-x86_64, r-patched-solaris-x86, r-release-linux-x86_64, r-release-macos-arm64, r-release-macos-x86_64, r-release-windows-ix86+x86_64