CRAN Package Check Results for Package plater

Last updated on 2020-04-10 08:52:38 CEST.

Flavor Version Tinstall Tcheck Ttotal Status Flags
r-devel-linux-x86_64-debian-clang 1.0.2 2.93 43.12 46.05 OK
r-devel-linux-x86_64-debian-gcc 1.0.2 2.30 33.95 36.25 OK
r-devel-linux-x86_64-fedora-clang 1.0.2 56.24 OK
r-devel-linux-x86_64-fedora-gcc 1.0.2 59.38 OK
r-devel-windows-ix86+x86_64 1.0.2 7.00 51.00 58.00 OK
r-devel-windows-ix86+x86_64-gcc8 1.0.2 9.00 56.00 65.00 OK
r-patched-linux-x86_64 1.0.2 2.50 42.39 44.89 OK
r-patched-osx-x86_64 1.0.2 WARN
r-patched-solaris-x86 1.0.2 77.40 OK
r-release-linux-x86_64 1.0.2 2.33 39.44 41.77 OK
r-release-windows-ix86+x86_64 1.0.2 5.00 77.00 82.00 OK
r-release-osx-x86_64 1.0.2 OK
r-oldrel-windows-ix86+x86_64 1.0.2 5.00 54.00 59.00 OK
r-oldrel-osx-x86_64 1.0.2 OK

Check Details

Version: 1.0.2
Check: re-building of vignette outputs
Result: WARN
    Error(s) in re-building vignettes:
     ...
    --- re-building ‘plater-basics.Rmd’ using rmarkdown
    dyld: lazy symbol binding failed: Symbol not found: ____chkstk_darwin
     Referenced from: /usr/local/bin/pandoc (which was built for Mac OS X 10.15)
     Expected in: /usr/lib/libSystem.B.dylib
    
    dyld: Symbol not found: ____chkstk_darwin
     Referenced from: /usr/local/bin/pandoc (which was built for Mac OS X 10.15)
     Expected in: /usr/lib/libSystem.B.dylib
    
    Error: processing vignette 'plater-basics.Rmd' failed with diagnostics:
    pandoc document conversion failed with error 6
    --- failed re-building ‘plater-basics.Rmd’
    
    SUMMARY: processing the following file failed:
     ‘plater-basics.Rmd’
    
    Error: Vignette re-building failed.
    Execution halted
Flavor: r-patched-osx-x86_64