CRAN Package Check Results for Package plfMA

Last updated on 2019-03-23 01:51:57 CET.

Flavor Version Tinstall Tcheck Ttotal Status Flags
r-devel-linux-x86_64-debian-clang 1.0.4 9.81 68.47 78.28 OK
r-devel-linux-x86_64-debian-gcc 1.0.4 7.62 58.97 66.59 OK
r-devel-linux-x86_64-fedora-clang 1.0.4 99.20 OK
r-devel-linux-x86_64-fedora-gcc 1.0.4 92.09 OK
r-devel-windows-ix86+x86_64 1.0.4 18.00 73.00 91.00 OK
r-patched-linux-x86_64 1.0.4 6.42 65.94 72.36 OK
r-patched-solaris-x86 1.0.4 135.60 OK
r-release-linux-x86_64 1.0.4 5.12 65.35 70.47 OK
r-release-windows-ix86+x86_64 1.0.4 10.00 72.00 82.00 OK
r-release-osx-x86_64 1.0.4 ERROR
r-oldrel-windows-ix86+x86_64 1.0.4 10.00 92.00 102.00 OK
r-oldrel-osx-x86_64 1.0.4 ERROR

Check Details

Version: 1.0.4
Check: package dependencies
Result: ERROR
    Packages required but not available: ‘RGtk2’ ‘gWidgetsRGtk2’ ‘cairoDevice’
    
    See section ‘The DESCRIPTION file’ in the ‘Writing R Extensions’
    manual.
Flavors: r-release-osx-x86_64, r-oldrel-osx-x86_64