CRAN Package Check Results for Package plfm

Last updated on 2023-06-03 00:57:16 CEST.

Flavor Version Tinstall Tcheck Ttotal Status Flags
r-devel-linux-x86_64-debian-clang 2.2.5 23.66 69.22 92.88 NOTE
r-devel-linux-x86_64-debian-gcc 2.2.5 18.05 51.47 69.52 NOTE
r-devel-linux-x86_64-fedora-clang 2.2.5 119.81 NOTE
r-devel-linux-x86_64-fedora-gcc 2.2.5 114.47 NOTE
r-devel-windows-x86_64 2.2.5 23.00 97.00 120.00 NOTE
r-patched-linux-x86_64 2.2.5 NOTE
r-release-linux-x86_64 2.2.5 21.46 65.41 86.87 NOTE
r-release-macos-arm64 2.2.5 36.00 NOTE
r-release-macos-x86_64 2.2.5 57.00 NOTE
r-release-windows-x86_64 2.2.5 19.00 99.00 118.00 NOTE
r-oldrel-macos-arm64 2.2.5 36.00 OK
r-oldrel-macos-x86_64 2.2.5 42.00 OK
r-oldrel-windows-x86_64 2.2.5 26.00 99.00 125.00 OK

Check Details

Version: 2.2.5
Check: C++ specification
Result: NOTE
     Specified C++11: please drop specification unless essential
Flavors: r-devel-linux-x86_64-debian-clang, r-devel-linux-x86_64-debian-gcc, r-devel-linux-x86_64-fedora-clang, r-devel-linux-x86_64-fedora-gcc, r-devel-windows-x86_64, r-patched-linux-x86_64, r-release-linux-x86_64, r-release-macos-arm64, r-release-macos-x86_64, r-release-windows-x86_64